{"id":22139,"date":"2018-07-17T00:00:00","date_gmt":"2018-07-17T00:00:00","guid":{"rendered":"https:\/\/dev.liqui-moly-shop.ch\/index.php\/product\/motorbike-engine-flush-shooter\/"},"modified":"2024-02-13T15:52:29","modified_gmt":"2024-02-13T15:52:29","slug":"motorbike-engine-flush-shooter","status":"publish","type":"product","link":"https:\/\/www.liqui-moly-shop.ch\/index.php\/product\/motorbike-engine-flush-shooter\/","title":{"rendered":"Motorbike Engine Flush Shooter"},"content":{"rendered":"<h3>Motorbike Engine Flush Shooter<\/h3>\n<p>Reinigungsfl\u00fcssigkeit, um den Motor innen von st\u00f6renden Ablagerungen zu befreien. L\u00f6st Schlamm- und Lackbildner. \u00d6ll\u00f6sliche und \u00f6lunl\u00f6sliche R\u00fcckst\u00e4nde aller Art werden in Schwebe gebracht und beim \u00d6lwechsel aus dem \u00d6lkreislauf entfernt. Der von Ablagerungen und Verschmutzungen befreite Motor und das nicht durch Altlasten belastete Frisch\u00f6l k\u00f6nnen somit die volle Leistungsf\u00e4higkeit entfalten.<\/p>\n<p><!-- --><\/p>\n<table id=\"detail\">\n<tbody>\n<tr>\n<td class=\"left\" valign=\"top\">Artikelnummer:<\/td>\n<td class=\"right\" valign=\"top\">3028<\/td>\n<\/tr>\n<tr>\n<td class=\"left\" valign=\"top\">Gebinde:<\/td>\n<td class=\"right\" valign=\"top\">80 ml Dose Blech<\/td>\n<\/tr>\n<tr>\n<td class=\"left\" valign=\"top\">Paletteninhalt:<\/td>\n<td class=\"right\" valign=\"top\">2880<\/td>\n<\/tr>\n<tr>\n<td class=\"left\" valign=\"top\">VPE:<\/td>\n<td class=\"right\" valign=\"top\">24 STK<\/td>\n<\/tr>\n<tr>\n<td class=\"left\" valign=\"top\">Sprache:<\/td>\n<td class=\"right\" valign=\"top\">D<\/td>\n<\/tr>\n<\/tbody>\n<\/table>\n<h3 class=\"detail\">Einsatzzweck<\/h3>\n<p>Reinigt und sp\u00fclt \u00d6lkreisl\u00e4ufe bei Motorr\u00e4dern mit 4-Takt-Ottomotoren. Die H\u00e4ufigkeit der Anwendung ist abh\u00e4ngig vom Verschmutzungsgrad des \u00d6lkreislaufes und der eingesetzten \u00d6lqualit\u00e4t.<\/p>\n<p>H304 Kann bei Verschlucken und Eindringen in die Atemwege t\u00f6dlich sein.<\/p>\n<ul class=\"info-text m-0 p-0\">\n<li>EUH066 Wiederholter Kontakt kann zu spr\u00f6der oder rissiger Haut f\u00fchren.<\/li>\n<li>EUH208 Enth\u00e4lt Benzolsulfons\u00e4ure, Methyl-, Mono-C20-24-verzweigte Alkylderivate, Calciumsalze. Kann allergische Reaktionen hervorrufen.<\/li>\n<li>EUH210 Sicherheitsdatenblatt auf Anfrage erh\u00e4ltlich.<\/li>\n<\/ul>\n<p>Wenn Sie Fragen rund um die Liqui Moly Produkte haben sollten, z\u00f6gern Sie nicht und kontaktieren Sie uns. Gerne stehen wir Ihnen jederzeit gerne zur Verf\u00fcgung.<\/p>\n","protected":false},"excerpt":{"rendered":"<p>Motorbike Engine Flush Shooter Reinigungsfl\u00fcssigkeit, um den Motor innen von st\u00f6renden Ablagerungen zu befreien. L\u00f6st Schlamm- und Lackbildner. \u00d6ll\u00f6sliche und \u00f6lunl\u00f6sliche R\u00fcckst\u00e4nde aller Art werden in Schwebe gebracht und beim \u00d6lwechsel aus dem \u00d6lkreislauf entfernt. Der von Ablagerungen und Verschmutzungen befreite Motor und das nicht durch Altlasten belastete Frisch\u00f6l k\u00f6nnen somit die volle Leistungsf\u00e4higkeit entfalten. [&hellip;]<\/p>\n","protected":false},"featured_media":22140,"comment_status":"closed","ping_status":"closed","template":"","meta":[],"class_list":["post-22139","product","type-product","status-publish","has-post-thumbnail","hentry","product_cat-2-rad-quad-kart-bike","product_cat-additive"],"_links":{"self":[{"href":"https:\/\/www.liqui-moly-shop.ch\/index.php\/wp-json\/wp\/v2\/product\/22139","targetHints":{"allow":["GET"]}}],"collection":[{"href":"https:\/\/www.liqui-moly-shop.ch\/index.php\/wp-json\/wp\/v2\/product"}],"about":[{"href":"https:\/\/www.liqui-moly-shop.ch\/index.php\/wp-json\/wp\/v2\/types\/product"}],"replies":[{"embeddable":true,"href":"https:\/\/www.liqui-moly-shop.ch\/index.php\/wp-json\/wp\/v2\/comments?post=22139"}],"wp:featuredmedia":[{"embeddable":true,"href":"https:\/\/www.liqui-moly-shop.ch\/index.php\/wp-json\/wp\/v2\/media\/22140"}],"wp:attachment":[{"href":"https:\/\/www.liqui-moly-shop.ch\/index.php\/wp-json\/wp\/v2\/media?parent=22139"}],"curies":[{"name":"wp","href":"https:\/\/api.w.org\/{rel}","templated":true}]}}