{"id":22160,"date":"2018-07-17T00:00:00","date_gmt":"2018-07-17T00:00:00","guid":{"rendered":"https:\/\/dev.liqui-moly-shop.ch\/index.php\/product\/motorbike-kuehler-dichter\/"},"modified":"2024-02-14T08:58:44","modified_gmt":"2024-02-14T08:58:44","slug":"motorbike-kuehler-dichter","status":"publish","type":"product","link":"https:\/\/www.liqui-moly-shop.ch\/index.php\/product\/motorbike-kuehler-dichter\/","title":{"rendered":"Motorbike K\u00fchler-Dichter"},"content":{"rendered":"<h3>Motorbike K\u00fchler-Dichter<\/h3>\n<p>Dispersion zur Abdichtung von Undichtheiten in K\u00fchlwasserkreislaufsystemen. Haarrisse und kleinere Leckstellen werden zuverl\u00e4ssig abgedichtet. Kann vorbeugend zur Absicherung einer K\u00fchlsystemreparatur eingesetzt werden. Die Feststoffdispersion ist stabilisiert in Tr\u00e4gerfl\u00fcssigkeit.<\/p>\n<p><!-- --><\/p>\n<table id=\"detail\">\n<tbody>\n<tr>\n<td class=\"left\" valign=\"top\">Artikelnummer:<\/td>\n<td class=\"right\" valign=\"top\">3043<\/td>\n<\/tr>\n<tr>\n<td class=\"left\" valign=\"top\">Gebinde:<\/td>\n<td class=\"right\" valign=\"top\">125 ml Dose Blech<\/td>\n<\/tr>\n<tr>\n<td class=\"left\" valign=\"top\">Paletteninhalt:<\/td>\n<td class=\"right\" valign=\"top\">2016<\/td>\n<\/tr>\n<tr>\n<td class=\"left\" valign=\"top\">VPE:<\/td>\n<td class=\"right\" valign=\"top\">6 STK<\/td>\n<\/tr>\n<tr>\n<td class=\"left\" valign=\"top\">Sprache:<\/td>\n<td class=\"right\" valign=\"top\">D &#8211; GB &#8211; I &#8211; E &#8211; P<\/td>\n<\/tr>\n<\/tbody>\n<\/table>\n<h3 class=\"detail\">Einsatzzweck<\/h3>\n<p>Zur Abdichtung kleiner Leckstellen in K\u00fchlwassersystemen mit und ohne K\u00fchlwasserfilter. Auch f\u00fcr Aluminium- und Kunststoffk\u00fchler geeignet.<\/p>\n<ul class=\"info-text m-0 p-0\">\n<li>H373 Kann die Organe sch\u00e4digen bei l\u00e4ngerer oder wiederholter Exposition.<\/li>\n<li>EUH208 Enth\u00e4lt Reaktionsmasse aus 5-Chlor-2-methyl-2H-isothiazol-3-on und 2-Methyl-2H-isothiazol-3-on (3:1). Kann allergische Reaktionen hervorrufen.<\/li>\n<li>EUH210 Sicherheitsdatenblatt auf Anfrage erh\u00e4ltlich.<\/li>\n<\/ul>\n<p>Wenn Sie Fragen rund um die Liqui Moly Produkte haben sollten, z\u00f6gern Sie nicht und kontaktieren Sie uns. Gerne stehen wir Ihnen jederzeit gerne zur Verf\u00fcgung.<\/p>\n","protected":false},"excerpt":{"rendered":"<p>Motorbike K\u00fchler-Dichter Dispersion zur Abdichtung von Undichtheiten in K\u00fchlwasserkreislaufsystemen. Haarrisse und kleinere Leckstellen werden zuverl\u00e4ssig abgedichtet. Kann vorbeugend zur Absicherung einer K\u00fchlsystemreparatur eingesetzt werden. Die Feststoffdispersion ist stabilisiert in Tr\u00e4gerfl\u00fcssigkeit. Artikelnummer: 3043 Gebinde: 125 ml Dose Blech Paletteninhalt: 2016 VPE: 6 STK Sprache: D &#8211; GB &#8211; I &#8211; E &#8211; P Einsatzzweck Zur Abdichtung [&hellip;]<\/p>\n","protected":false},"featured_media":22161,"comment_status":"closed","ping_status":"closed","template":"","meta":[],"class_list":["post-22160","product","type-product","status-publish","has-post-thumbnail","hentry","product_cat-2-rad-quad-kart-bike","product_cat-additive"],"_links":{"self":[{"href":"https:\/\/www.liqui-moly-shop.ch\/index.php\/wp-json\/wp\/v2\/product\/22160","targetHints":{"allow":["GET"]}}],"collection":[{"href":"https:\/\/www.liqui-moly-shop.ch\/index.php\/wp-json\/wp\/v2\/product"}],"about":[{"href":"https:\/\/www.liqui-moly-shop.ch\/index.php\/wp-json\/wp\/v2\/types\/product"}],"replies":[{"embeddable":true,"href":"https:\/\/www.liqui-moly-shop.ch\/index.php\/wp-json\/wp\/v2\/comments?post=22160"}],"wp:featuredmedia":[{"embeddable":true,"href":"https:\/\/www.liqui-moly-shop.ch\/index.php\/wp-json\/wp\/v2\/media\/22161"}],"wp:attachment":[{"href":"https:\/\/www.liqui-moly-shop.ch\/index.php\/wp-json\/wp\/v2\/media?parent=22160"}],"curies":[{"name":"wp","href":"https:\/\/api.w.org\/{rel}","templated":true}]}}