{"id":22503,"date":"2018-07-17T00:00:00","date_gmt":"2018-07-17T00:00:00","guid":{"rendered":"https:\/\/dev.liqui-moly-shop.ch\/index.php\/product\/kuehlerdichter\/"},"modified":"2021-10-20T07:59:09","modified_gmt":"2021-10-20T07:59:09","slug":"kuehlerdichter","status":"publish","type":"product","link":"https:\/\/www.liqui-moly-shop.ch\/index.php\/product\/kuehlerdichter\/","title":{"rendered":"K\u00fchlerdichter"},"content":{"rendered":"<h3>K\u00fchlerdichter<\/h3>\n<p>Kleine Undichtigkeiten durch Steinschlag, por\u00f6se L\u00f6tstellen oder Haarrisse im K\u00fchlsystem sind nicht einfach zu lokalisieren (man stellt nur den sinkenden K\u00fchlwasserstand fest). K\u00fchlerdichter dichtet derartige Lecks sofort problemlos und vollst\u00e4ndig ab. Sichert den Verbrennungsraum gegen Sch\u00e4den durch K\u00fchlmitteleintritt.<\/p>\n<p><!-- --><\/p>\n<table id=\"detail\">\n<tbody>\n<tr>\n<td class=\"left\" valign=\"top\">Artikelnummer:<\/td>\n<td class=\"right\" valign=\"top\">1921<\/td>\n<\/tr>\n<tr>\n<td class=\"left\" valign=\"top\">Gebinde:<\/td>\n<td class=\"right\" valign=\"top\">250 ml Dose Blech<\/td>\n<\/tr>\n<tr>\n<td class=\"left\" valign=\"top\">Paletteninhalt:<\/td>\n<td class=\"right\" valign=\"top\">2016<\/td>\n<\/tr>\n<tr>\n<td class=\"left\" valign=\"top\">VPE:<\/td>\n<td class=\"right\" valign=\"top\">6 STK<\/td>\n<\/tr>\n<tr>\n<td class=\"left\" valign=\"top\">Sprache:<\/td>\n<td class=\"right\" valign=\"top\">D &#8211; F &#8211; NL<\/td>\n<\/tr>\n<\/tbody>\n<\/table>\n<h3 class=\"detail\">Einsatzzweck<\/h3>\n<p>F\u00fcr alle K\u00fchlwasser- und Heizsysteme mit und ohne Wasserfilter. Auch f\u00fcr Aluminium- und Kunststoffk\u00fchler geeignet. Inhalt ausreichend f\u00fcr bis zu 10 l K\u00fchlfl\u00fcssigkeit. Vertr\u00e4glich mit allen \u00fcblichen K\u00fchlwasserveredlern und Frostschutzmitteln. Auch vorbeugend einsetzbar.<\/p>\n<h3>Produktvideo<\/h3>\n<p>Wenn Sie Fragen rund um die Liqui Moly Produkte haben sollten, z\u00f6gern Sie nicht und kontaktieren Sie uns. Gerne stehen wir Ihnen jederzeit gerne zur Verf\u00fcgung.<\/p>\n","protected":false},"excerpt":{"rendered":"<p>K\u00fchlerdichter Kleine Undichtigkeiten durch Steinschlag, por\u00f6se L\u00f6tstellen oder Haarrisse im K\u00fchlsystem sind nicht einfach zu lokalisieren (man stellt nur den sinkenden K\u00fchlwasserstand fest). K\u00fchlerdichter dichtet derartige Lecks sofort problemlos und vollst\u00e4ndig ab. Sichert den Verbrennungsraum gegen Sch\u00e4den durch K\u00fchlmitteleintritt. Artikelnummer: 1921 Gebinde: 250 ml Dose Blech Paletteninhalt: 2016 VPE: 6 STK Sprache: D &#8211; F [&hellip;]<\/p>\n","protected":false},"featured_media":22504,"comment_status":"closed","ping_status":"closed","template":"","meta":[],"class_list":["post-22503","product","type-product","status-publish","has-post-thumbnail","hentry","product_cat-additive-2","product_cat-kuehleradditive"],"_links":{"self":[{"href":"https:\/\/www.liqui-moly-shop.ch\/index.php\/wp-json\/wp\/v2\/product\/22503","targetHints":{"allow":["GET"]}}],"collection":[{"href":"https:\/\/www.liqui-moly-shop.ch\/index.php\/wp-json\/wp\/v2\/product"}],"about":[{"href":"https:\/\/www.liqui-moly-shop.ch\/index.php\/wp-json\/wp\/v2\/types\/product"}],"replies":[{"embeddable":true,"href":"https:\/\/www.liqui-moly-shop.ch\/index.php\/wp-json\/wp\/v2\/comments?post=22503"}],"wp:featuredmedia":[{"embeddable":true,"href":"https:\/\/www.liqui-moly-shop.ch\/index.php\/wp-json\/wp\/v2\/media\/22504"}],"wp:attachment":[{"href":"https:\/\/www.liqui-moly-shop.ch\/index.php\/wp-json\/wp\/v2\/media?parent=22503"}],"curies":[{"name":"wp","href":"https:\/\/api.w.org\/{rel}","templated":true}]}}