{"id":22506,"date":"2018-07-17T00:00:00","date_gmt":"2018-07-17T00:00:00","guid":{"rendered":"https:\/\/dev.liqui-moly-shop.ch\/index.php\/product\/cera-tec\/"},"modified":"2023-10-04T06:00:37","modified_gmt":"2023-10-04T06:00:37","slug":"ceratec","status":"publish","type":"product","link":"https:\/\/www.liqui-moly-shop.ch\/index.php\/product\/ceratec\/","title":{"rendered":"CeraTec"},"content":{"rendered":"<h3>Cera Tec<\/h3>\n<p>Hightech-Keramik-Verschlei\u00dfschutz und mit allen handels\u00fcblichen \u00d6len mischbar. Cera Tec reduziert Reibung und Verschlei\u00df durch chemische und thermisch extrem hoch belastbare Keramik-Verbindungen. Verhindert den direkten Metall\/Metall-Kontakt und erh\u00f6ht so die Lebensdauer der Aggregate. Der Leichtlaufeffekt reduziert den Kraftstoffverbrauch von Benzin- und Dieselmotoren.<\/p>\n<p><!-- --><\/p>\n<table id=\"detail\">\n<tbody>\n<tr>\n<td class=\"left\" valign=\"top\">Artikelnummer:<\/td>\n<td class=\"right\" valign=\"top\">3721<\/td>\n<\/tr>\n<tr>\n<td class=\"left\" valign=\"top\">Gebinde:<\/td>\n<td class=\"right\" valign=\"top\">300 ml Flasche Alu<\/td>\n<\/tr>\n<tr>\n<td class=\"left\" valign=\"top\">Paletteninhalt:<\/td>\n<td class=\"right\" valign=\"top\">1170<\/td>\n<\/tr>\n<tr>\n<td class=\"left\" valign=\"top\">VPE:<\/td>\n<td class=\"right\" valign=\"top\">6 STK<\/td>\n<\/tr>\n<tr>\n<td class=\"left\" valign=\"top\">Sprache:<\/td>\n<td class=\"right\" valign=\"top\">D &#8211; GB &#8211; I &#8211; E &#8211; P &#8211; NL &#8211; F &#8211; ARAB &#8211; RUS<\/td>\n<\/tr>\n<\/tbody>\n<\/table>\n<h3 class=\"detail\">Einsatzzweck<\/h3>\n<p>Verschlei\u00dfschutz f\u00fcr Motoren, Getriebe, Pumpen und Verdichter. Cera Tec wird mit dem jeweiligen \u00d6l beigegeben und ist selbstmischend. Ausreichend f\u00fcr 5 l \u00d6lvolumen. Mit Langzeitwirkung f\u00fcr 50.000 km. F\u00fcr den Einsatz mit Nasskupplungen nicht geeignet!<\/p>\n<p>&nbsp;<\/p>\n<ul class=\"info-text m-0 p-0\">\n<li>EUH208 Enth\u00e4lt Alkyl-(C18-C28)-Toluolsulfons\u00e4ure, Calciumsalze, boriert, Benzolsulfons\u00e4ure, Methyl-, Mono-C20-24-verzweigte Alkylderivate, Calciumsalze. Kann allergische Reaktionen hervorrufen.<\/li>\n<li>EUH210 Sicherheitsdatenblatt auf Anfrage erh\u00e4ltlich.<\/li>\n<li><\/li>\n<\/ul>\n<h3>Produktvideo<\/h3>\n<p>Wenn Sie Fragen rund um die Liqui Moly Produkte haben sollten, z\u00f6gern Sie nicht und kontaktieren Sie uns. Gerne stehen wir Ihnen jederzeit gerne zur Verf\u00fcgung.<\/p>\n<h3>Schlagw\u00f6rter<\/h3>\n<p>Cera-Tec, Topcera<\/p>\n","protected":false},"excerpt":{"rendered":"<p>Cera Tec Hightech-Keramik-Verschlei\u00dfschutz und mit allen handels\u00fcblichen \u00d6len mischbar. Cera Tec reduziert Reibung und Verschlei\u00df durch chemische und thermisch extrem hoch belastbare Keramik-Verbindungen. Verhindert den direkten Metall\/Metall-Kontakt und erh\u00f6ht so die Lebensdauer der Aggregate. Der Leichtlaufeffekt reduziert den Kraftstoffverbrauch von Benzin- und Dieselmotoren. Artikelnummer: 3721 Gebinde: 300 ml Flasche Alu Paletteninhalt: 1170 VPE: 6 STK [&hellip;]<\/p>\n","protected":false},"featured_media":22507,"comment_status":"closed","ping_status":"closed","template":"","meta":[],"class_list":["post-22506","product","type-product","status-publish","has-post-thumbnail","hentry","product_cat-additive-2","product_cat-oeladditive"],"_links":{"self":[{"href":"https:\/\/www.liqui-moly-shop.ch\/index.php\/wp-json\/wp\/v2\/product\/22506","targetHints":{"allow":["GET"]}}],"collection":[{"href":"https:\/\/www.liqui-moly-shop.ch\/index.php\/wp-json\/wp\/v2\/product"}],"about":[{"href":"https:\/\/www.liqui-moly-shop.ch\/index.php\/wp-json\/wp\/v2\/types\/product"}],"replies":[{"embeddable":true,"href":"https:\/\/www.liqui-moly-shop.ch\/index.php\/wp-json\/wp\/v2\/comments?post=22506"}],"wp:featuredmedia":[{"embeddable":true,"href":"https:\/\/www.liqui-moly-shop.ch\/index.php\/wp-json\/wp\/v2\/media\/22507"}],"wp:attachment":[{"href":"https:\/\/www.liqui-moly-shop.ch\/index.php\/wp-json\/wp\/v2\/media?parent=22506"}],"curies":[{"name":"wp","href":"https:\/\/api.w.org\/{rel}","templated":true}]}}