{"id":22541,"date":"2018-07-17T00:00:00","date_gmt":"2018-07-17T00:00:00","guid":{"rendered":"https:\/\/dev.liqui-moly-shop.ch\/index.php\/product\/atf-additive\/"},"modified":"2023-10-04T07:47:35","modified_gmt":"2023-10-04T07:47:35","slug":"atf-additive","status":"publish","type":"product","link":"https:\/\/www.liqui-moly-shop.ch\/index.php\/product\/atf-additive\/","title":{"rendered":"ATF Additive"},"content":{"rendered":"<h3>ATF Additive<\/h3>\n<p>Pflegt Gummi- und Kunststoffdichtungen im Lenk- und Automatikgetriebe optimal. Undichtigkeiten an Getrieben, bedingt durch verh\u00e4rtete bzw. verspr\u00f6dete Dichtungen, werden verhindert bzw. beseitigt. Reinigt Bohrungen und Kan\u00e4le der Getriebe und frischt die Leistungsf\u00e4higkeit des \u00d6les auf. Reduziert die Ger\u00e4uschbildung und\u00a0verbessert die Schaltvorg\u00e4nge von Automatikgetrieben. Verl\u00e4ngert die Lebensdauer von Lenk- und Automatikgetrieben.<\/p>\n<p><!-- --><\/p>\n<table id=\"detail\">\n<tbody>\n<tr>\n<td class=\"left\" valign=\"top\">Artikelnummer:<\/td>\n<td class=\"right\" valign=\"top\">5135<\/td>\n<\/tr>\n<tr>\n<td class=\"left\" valign=\"top\">Gebinde:<\/td>\n<td class=\"right\" valign=\"top\">250 ml Tube Kunststoff<\/td>\n<\/tr>\n<tr>\n<td class=\"left\" valign=\"top\">Paletteninhalt:<\/td>\n<td class=\"right\" valign=\"top\">1380<\/td>\n<\/tr>\n<tr>\n<td class=\"left\" valign=\"top\">VPE:<\/td>\n<td class=\"right\" valign=\"top\">6 STK<\/td>\n<\/tr>\n<tr>\n<td class=\"left\" valign=\"top\">Sprache:<\/td>\n<td class=\"right\" valign=\"top\">D &#8211; GB &#8211; I &#8211; E &#8211; P<\/td>\n<\/tr>\n<\/tbody>\n<\/table>\n<h3 class=\"detail\">Einsatzzweck<\/h3>\n<p>Additiv in den Ausgleichsbeh\u00e4lter der Servolenkung bzw. \u00fcber den Messstab dem Getriebe\u00f6l beimischen.\u00a0Inhalt\u00a0(250 ml) ist ausreichend f\u00fcr bis zu 8 l \u00d6lvolumen. F\u00fcr Lenk- und Automatikgetriebe geeignet, die mit ATF II- und ATF III-\u00d6len bef\u00fcllt werden.<\/p>\n<ul class=\"info-text m-0 p-0\">\n<li>H412 Sch\u00e4dlich f\u00fcr Wasserorganismen, mit langfristiger Wirkung.<\/li>\n<li>EUH208 Enth\u00e4lt 1,3,4-Thiadiazol-2(3H)-thion, 5-(tert-Dodecyldithio)-. Kann allergische Reaktionen hervorrufen.<\/li>\n<\/ul>\n<p>Wenn Sie Fragen rund um die Liqui Moly Produkte haben sollten, z\u00f6gern Sie nicht und kontaktieren Sie uns. Gerne stehen wir Ihnen jederzeit gerne zur Verf\u00fcgung.<\/p>\n","protected":false},"excerpt":{"rendered":"<p>ATF Additive Pflegt Gummi- und Kunststoffdichtungen im Lenk- und Automatikgetriebe optimal. Undichtigkeiten an Getrieben, bedingt durch verh\u00e4rtete bzw. verspr\u00f6dete Dichtungen, werden verhindert bzw. beseitigt. Reinigt Bohrungen und Kan\u00e4le der Getriebe und frischt die Leistungsf\u00e4higkeit des \u00d6les auf. Reduziert die Ger\u00e4uschbildung und\u00a0verbessert die Schaltvorg\u00e4nge von Automatikgetrieben. Verl\u00e4ngert die Lebensdauer von Lenk- und Automatikgetrieben. Artikelnummer: 5135 Gebinde: [&hellip;]<\/p>\n","protected":false},"featured_media":22542,"comment_status":"closed","ping_status":"closed","template":"","meta":[],"class_list":["post-22541","product","type-product","status-publish","has-post-thumbnail","hentry","product_cat-additive-2","product_cat-oeladditive"],"_links":{"self":[{"href":"https:\/\/www.liqui-moly-shop.ch\/index.php\/wp-json\/wp\/v2\/product\/22541","targetHints":{"allow":["GET"]}}],"collection":[{"href":"https:\/\/www.liqui-moly-shop.ch\/index.php\/wp-json\/wp\/v2\/product"}],"about":[{"href":"https:\/\/www.liqui-moly-shop.ch\/index.php\/wp-json\/wp\/v2\/types\/product"}],"replies":[{"embeddable":true,"href":"https:\/\/www.liqui-moly-shop.ch\/index.php\/wp-json\/wp\/v2\/comments?post=22541"}],"wp:featuredmedia":[{"embeddable":true,"href":"https:\/\/www.liqui-moly-shop.ch\/index.php\/wp-json\/wp\/v2\/media\/22542"}],"wp:attachment":[{"href":"https:\/\/www.liqui-moly-shop.ch\/index.php\/wp-json\/wp\/v2\/media?parent=22541"}],"curies":[{"name":"wp","href":"https:\/\/api.w.org\/{rel}","templated":true}]}}