{"id":22611,"date":"2018-07-17T00:00:00","date_gmt":"2018-07-17T00:00:00","guid":{"rendered":"https:\/\/dev.liqui-moly-shop.ch\/index.php\/product\/lm-47-langzeitfett-mos2\/"},"modified":"2023-10-20T08:46:02","modified_gmt":"2023-10-20T08:46:02","slug":"lm-47-langzeitfett-mos2","status":"publish","type":"product","link":"https:\/\/www.liqui-moly-shop.ch\/index.php\/product\/lm-47-langzeitfett-mos2\/","title":{"rendered":"LM 47 Langzeitfett + MoS2"},"content":{"rendered":"<h3>LM 47 Langzeitfett + MoS2<\/h3>\n<p>Hochwertiges Spezialfett. Der MoS2-Gehalt gibt dem ausgew\u00e4hlten Grundfett hervorragendes Schmierverm\u00f6gen und Hochleistungseigenschaften, wie sie \u00fcbliche Fette nicht aufweisen k\u00f6nnen. W\u00e4hrend des Betriebs bildet sich auf den Gleitstellen ein festhaftender, hauchd\u00fcnner Molybd\u00e4ndisulfid-Film, der auch nach v\u00f6lligem Ausfall der Fettversorgung noch l\u00e4ngere Zeit schmierwirksam bleibt. Extrem lange schmierf\u00e4hig, in Zentralschmieranlagen f\u00f6rderbar. Kennzeichnung nach DIN 51502 KPF2K-30. Temperatureinsatzbereich: \u201330\u2009\u00b0C bis +120\u2009\u00b0C, kurzzeitig bis +130 \u00b0C.<\/p>\n<p><!-- --><\/p>\n<table id=\"detail\">\n<tbody>\n<tr>\n<td class=\"left\" valign=\"top\">Artikelnummer:<\/td>\n<td class=\"right\" valign=\"top\">3510<\/td>\n<\/tr>\n<tr>\n<td class=\"left\" valign=\"top\">Gebinde:<\/td>\n<td class=\"right\" valign=\"top\">100 g Tube Kunststoff<\/td>\n<\/tr>\n<tr>\n<td class=\"left\" valign=\"top\">Paletteninhalt:<\/td>\n<td class=\"right\" valign=\"top\">3120<\/td>\n<\/tr>\n<tr>\n<td class=\"left\" valign=\"top\">VPE:<\/td>\n<td class=\"right\" valign=\"top\">12 STK<\/td>\n<\/tr>\n<tr>\n<td class=\"left\" valign=\"top\">Sprache:<\/td>\n<td class=\"right\" valign=\"top\">D<\/td>\n<\/tr>\n<\/tbody>\n<\/table>\n<h3 class=\"detail\">Einsatzzweck<\/h3>\n<p>Zur Montage, Wartung und Reparatur von Fahrzeugen, Werkzeug-, Bau-, Land- und Druckmaschinen. F\u00fcr hochbelastete Lager und Gelenke, Keilwellen, Gewinde und F\u00fchrungen. F\u00fcr homokinetische Antriebsgelenke.<\/p>\n<ul class=\"info-text m-0 p-0\">\n<li>EUH208 Enth\u00e4lt Naphthens\u00e4uren, Zinksalze, basisch. Kann allergische Reaktionen hervorrufen.<\/li>\n<li>EUH210 Sicherheitsdatenblatt auf Anfrage erh\u00e4ltlich.<\/li>\n<\/ul>\n<p>Wenn Sie Fragen rund um die Liqui Moly Produkte haben sollten, z\u00f6gern Sie nicht und kontaktieren Sie uns. Gerne stehen wir Ihnen jederzeit gerne zur Verf\u00fcgung.<\/p>\n","protected":false},"excerpt":{"rendered":"<p>LM 47 Langzeitfett + MoS2 Hochwertiges Spezialfett. Der MoS2-Gehalt gibt dem ausgew\u00e4hlten Grundfett hervorragendes Schmierverm\u00f6gen und Hochleistungseigenschaften, wie sie \u00fcbliche Fette nicht aufweisen k\u00f6nnen. W\u00e4hrend des Betriebs bildet sich auf den Gleitstellen ein festhaftender, hauchd\u00fcnner Molybd\u00e4ndisulfid-Film, der auch nach v\u00f6lligem Ausfall der Fettversorgung noch l\u00e4ngere Zeit schmierwirksam bleibt. Extrem lange schmierf\u00e4hig, in Zentralschmieranlagen f\u00f6rderbar. Kennzeichnung [&hellip;]<\/p>\n","protected":false},"featured_media":22612,"comment_status":"closed","ping_status":"closed","template":"","meta":[],"class_list":["post-22611","product","type-product","status-publish","has-post-thumbnail","hentry","product_cat-baumaschinen","product_cat-fette","pa_fuellmenge-1-kg-dose"],"_links":{"self":[{"href":"https:\/\/www.liqui-moly-shop.ch\/index.php\/wp-json\/wp\/v2\/product\/22611","targetHints":{"allow":["GET"]}}],"collection":[{"href":"https:\/\/www.liqui-moly-shop.ch\/index.php\/wp-json\/wp\/v2\/product"}],"about":[{"href":"https:\/\/www.liqui-moly-shop.ch\/index.php\/wp-json\/wp\/v2\/types\/product"}],"replies":[{"embeddable":true,"href":"https:\/\/www.liqui-moly-shop.ch\/index.php\/wp-json\/wp\/v2\/comments?post=22611"}],"wp:featuredmedia":[{"embeddable":true,"href":"https:\/\/www.liqui-moly-shop.ch\/index.php\/wp-json\/wp\/v2\/media\/22612"}],"wp:attachment":[{"href":"https:\/\/www.liqui-moly-shop.ch\/index.php\/wp-json\/wp\/v2\/media?parent=22611"}],"curies":[{"name":"wp","href":"https:\/\/api.w.org\/{rel}","templated":true}]}}