{"id":22614,"date":"2018-07-17T00:00:00","date_gmt":"2018-07-17T00:00:00","guid":{"rendered":"https:\/\/dev.liqui-moly-shop.ch\/index.php\/product\/lm-50-litho-ht\/"},"modified":"2023-10-20T08:50:25","modified_gmt":"2023-10-20T08:50:25","slug":"lm-50-litho-ht","status":"publish","type":"product","link":"https:\/\/www.liqui-moly-shop.ch\/index.php\/product\/lm-50-litho-ht\/","title":{"rendered":"LM 50 Litho HT"},"content":{"rendered":"<h3>LM 50 Litho HT<\/h3>\n<p>Walkstabiles, wasserbest\u00e4ndiges, oxidations- und korrosionsbest\u00e4ndiges Hochleistungs-Lithiumkomplex-Seifenfett. Universell einsetzbar. Garantiert einen sehr guten Verschlei\u00dfschutz und eine hohe Druckaufnahmef\u00e4higkeit. Kennzeichnung nach DIN 51502 KP2N-30. Temperatureinsatzbereich: \u201330\u2009\u00b0C bis +140 \u00b0C. Kurzfristig bis +180\u2009\u00b0C.<\/p>\n<p><!-- --><\/p>\n<table id=\"detail\">\n<tbody>\n<tr>\n<td class=\"left\" valign=\"top\">Artikelnummer:<\/td>\n<td class=\"right\" valign=\"top\">3406<\/td>\n<\/tr>\n<tr>\n<td class=\"left\" valign=\"top\">Gebinde:<\/td>\n<td class=\"right\" valign=\"top\">400 g Kartusche Kunststoff<\/td>\n<\/tr>\n<tr>\n<td class=\"left\" valign=\"top\">Paletteninhalt:<\/td>\n<td class=\"right\" valign=\"top\">1056<\/td>\n<\/tr>\n<tr>\n<td class=\"left\" valign=\"top\">VPE:<\/td>\n<td class=\"right\" valign=\"top\">12 STK<\/td>\n<\/tr>\n<tr>\n<td class=\"left\" valign=\"top\">Sprache:<\/td>\n<td class=\"right\" valign=\"top\">D &#8211; GB &#8211; F &#8211; E &#8211; NL<\/td>\n<\/tr>\n<\/tbody>\n<\/table>\n<h3 class=\"detail\">Einsatzzweck<\/h3>\n<p>Zur Schmierung von mechanisch hochbelasteten Gleit- und W\u00e4lzlagern wie Radlager oder fettgeschmierte Industriegetriebe.<\/p>\n<ul class=\"info-text m-0 p-0\">\n<li><\/li>\n<li>EUH210 Sicherheitsdatenblatt auf Anfrage erh\u00e4ltlich.<\/li>\n<\/ul>\n<p>Wenn Sie Fragen rund um die Liqui Moly Produkte haben sollten, z\u00f6gern Sie nicht und kontaktieren Sie uns. Gerne stehen wir Ihnen jederzeit gerne zur Verf\u00fcgung.<\/p>\n","protected":false},"excerpt":{"rendered":"<p>LM 50 Litho HT Walkstabiles, wasserbest\u00e4ndiges, oxidations- und korrosionsbest\u00e4ndiges Hochleistungs-Lithiumkomplex-Seifenfett. Universell einsetzbar. Garantiert einen sehr guten Verschlei\u00dfschutz und eine hohe Druckaufnahmef\u00e4higkeit. Kennzeichnung nach DIN 51502 KP2N-30. Temperatureinsatzbereich: \u201330\u2009\u00b0C bis +140 \u00b0C. Kurzfristig bis +180\u2009\u00b0C. Artikelnummer: 3406 Gebinde: 400 g Kartusche Kunststoff Paletteninhalt: 1056 VPE: 12 STK Sprache: D &#8211; GB &#8211; F &#8211; E &#8211; [&hellip;]<\/p>\n","protected":false},"featured_media":22615,"comment_status":"closed","ping_status":"closed","template":"","meta":[],"class_list":["post-22614","product","type-product","status-publish","has-post-thumbnail","hentry","product_cat-baumaschinen","product_cat-fette"],"_links":{"self":[{"href":"https:\/\/www.liqui-moly-shop.ch\/index.php\/wp-json\/wp\/v2\/product\/22614","targetHints":{"allow":["GET"]}}],"collection":[{"href":"https:\/\/www.liqui-moly-shop.ch\/index.php\/wp-json\/wp\/v2\/product"}],"about":[{"href":"https:\/\/www.liqui-moly-shop.ch\/index.php\/wp-json\/wp\/v2\/types\/product"}],"replies":[{"embeddable":true,"href":"https:\/\/www.liqui-moly-shop.ch\/index.php\/wp-json\/wp\/v2\/comments?post=22614"}],"wp:featuredmedia":[{"embeddable":true,"href":"https:\/\/www.liqui-moly-shop.ch\/index.php\/wp-json\/wp\/v2\/media\/22615"}],"wp:attachment":[{"href":"https:\/\/www.liqui-moly-shop.ch\/index.php\/wp-json\/wp\/v2\/media?parent=22614"}],"curies":[{"name":"wp","href":"https:\/\/api.w.org\/{rel}","templated":true}]}}