{"id":22629,"date":"2018-07-17T00:00:00","date_gmt":"2018-07-17T00:00:00","guid":{"rendered":"https:\/\/dev.liqui-moly-shop.ch\/index.php\/product\/fliessfett-zs-kook-40\/"},"modified":"2023-10-20T08:38:12","modified_gmt":"2023-10-20T08:38:12","slug":"fliessfett-zs-kook-40","status":"publish","type":"product","link":"https:\/\/www.liqui-moly-shop.ch\/index.php\/product\/fliessfett-zs-kook-40\/","title":{"rendered":"Flie\u00dffett ZS KOOK-40"},"content":{"rendered":"<h3>Flie\u00dffett ZS KOOK-40<\/h3>\n<p>Lithiumseifenfett, hergestellt aus sorgf\u00e4ltig ausgew\u00e4hlten Rohstoffen und Additiven. Zeichnet sich durch optimale Schmierf\u00e4higkeit, Wasserbest\u00e4ndigkeit, Haftf\u00e4higkeit und hoher Druckfestigkeit aus. Kennzeichnung nach DIN 51502 K00 K-40.<\/p>\n<p><!-- --><\/p>\n<table id=\"detail\">\n<tbody>\n<tr>\n<td class=\"left\" valign=\"top\">Artikelnummer:<\/td>\n<td class=\"right\" valign=\"top\">4714<\/td>\n<\/tr>\n<tr>\n<td class=\"left\" valign=\"top\">Gebinde:<\/td>\n<td class=\"right\" valign=\"top\">5 kg Eimer Kunststoff<\/td>\n<\/tr>\n<tr>\n<td class=\"left\" valign=\"top\">Paletteninhalt:<\/td>\n<td class=\"right\" valign=\"top\">48<\/td>\n<\/tr>\n<tr>\n<td class=\"left\" valign=\"top\">VPE:<\/td>\n<td class=\"right\" valign=\"top\">1 STK<\/td>\n<\/tr>\n<tr>\n<td class=\"left\" valign=\"top\">Sprache:<\/td>\n<td class=\"right\" valign=\"top\">D &#8211; GB<\/td>\n<\/tr>\n<\/tbody>\n<\/table>\n<h3 class=\"detail\">Einsatzzweck<\/h3>\n<p>Speziell geeignet f\u00fcr Lkw-Zentralschmieranlagen. Wie bei Flie\u00dffetten \u00fcblich, sind die\u00a0Betriebsvorschriften der Getriebe- und Lagerhersteller zu beachten.<\/p>\n<ul class=\"info-text m-0 p-0\">\n<li>EUH208 Enth\u00e4lt Polysulfide, Di-tert-dodecyl-, Naphthens\u00e4uren, Zinksalze. Kann allergische Reaktionen hervorrufen.<\/li>\n<li>EUH210 Sicherheitsdatenblatt auf Anfrage erh\u00e4ltlich.<\/li>\n<\/ul>\n<p>Wenn Sie Fragen rund um die Liqui Moly Produkte haben sollten, z\u00f6gern Sie nicht und kontaktieren Sie uns. Gerne stehen wir Ihnen jederzeit gerne zur Verf\u00fcgung.<\/p>\n","protected":false},"excerpt":{"rendered":"<p>Flie\u00dffett ZS KOOK-40 Lithiumseifenfett, hergestellt aus sorgf\u00e4ltig ausgew\u00e4hlten Rohstoffen und Additiven. Zeichnet sich durch optimale Schmierf\u00e4higkeit, Wasserbest\u00e4ndigkeit, Haftf\u00e4higkeit und hoher Druckfestigkeit aus. Kennzeichnung nach DIN 51502 K00 K-40. Artikelnummer: 4714 Gebinde: 5 kg Eimer Kunststoff Paletteninhalt: 48 VPE: 1 STK Sprache: D &#8211; GB Einsatzzweck Speziell geeignet f\u00fcr Lkw-Zentralschmieranlagen. Wie bei Flie\u00dffetten \u00fcblich, sind die\u00a0Betriebsvorschriften [&hellip;]<\/p>\n","protected":false},"featured_media":22630,"comment_status":"closed","ping_status":"closed","template":"","meta":[],"class_list":["post-22629","product","type-product","status-publish","has-post-thumbnail","hentry","product_cat-baumaschinen","product_cat-fette"],"_links":{"self":[{"href":"https:\/\/www.liqui-moly-shop.ch\/index.php\/wp-json\/wp\/v2\/product\/22629","targetHints":{"allow":["GET"]}}],"collection":[{"href":"https:\/\/www.liqui-moly-shop.ch\/index.php\/wp-json\/wp\/v2\/product"}],"about":[{"href":"https:\/\/www.liqui-moly-shop.ch\/index.php\/wp-json\/wp\/v2\/types\/product"}],"replies":[{"embeddable":true,"href":"https:\/\/www.liqui-moly-shop.ch\/index.php\/wp-json\/wp\/v2\/comments?post=22629"}],"wp:featuredmedia":[{"embeddable":true,"href":"https:\/\/www.liqui-moly-shop.ch\/index.php\/wp-json\/wp\/v2\/media\/22630"}],"wp:attachment":[{"href":"https:\/\/www.liqui-moly-shop.ch\/index.php\/wp-json\/wp\/v2\/media?parent=22629"}],"curies":[{"name":"wp","href":"https:\/\/api.w.org\/{rel}","templated":true}]}}