{"id":22635,"date":"2018-07-17T00:00:00","date_gmt":"2018-07-17T00:00:00","guid":{"rendered":"https:\/\/dev.liqui-moly-shop.ch\/index.php\/product\/top-tec-atf-1100\/"},"modified":"2023-10-09T14:50:18","modified_gmt":"2023-10-09T14:50:18","slug":"top-tec-atf-1100","status":"publish","type":"product","link":"https:\/\/www.liqui-moly-shop.ch\/index.php\/product\/top-tec-atf-1100\/","title":{"rendered":"Top Tec ATF 1100"},"content":{"rendered":"<h3>Top Tec ATF 1100<\/h3>\n<p>Synthesetechnologie-Automatikgetriebe\u00f6l der neuesten Generation mit extrem hoher Leistungsreserve. Bietet eine hohe thermische Stabilit\u00e4t und sorgt somit f\u00fcr optimale Alterungsbest\u00e4ndigkeit. Ausgezeichneter Verschlei\u00dfschutz und g\u00fcnstiges Reibverhalten. H\u00f6chste Sicherheitsreserven durch moderne Additivtechnologie. Mit verbesserter Formel f\u00fcr lange Getriebelebensdauer. Vertr\u00e4glich mit s\u00e4mtlichen Dichtungsmaterialien.<\/p>\n<p><!-- --><\/p>\n<table id=\"detail\">\n<tbody>\n<tr>\n<td class=\"left\" valign=\"top\">Artikelnummer:<\/td>\n<td class=\"right\" valign=\"top\">3650<\/td>\n<\/tr>\n<tr>\n<td class=\"left\" valign=\"top\">Gebinde:<\/td>\n<td class=\"right\" valign=\"top\">500 ml Dose Kunststoff<\/td>\n<\/tr>\n<tr>\n<td class=\"left\" valign=\"top\">Paletteninhalt:<\/td>\n<td class=\"right\" valign=\"top\">840<\/td>\n<\/tr>\n<tr>\n<td class=\"left\" valign=\"top\">VPE:<\/td>\n<td class=\"right\" valign=\"top\">6 STK<\/td>\n<\/tr>\n<tr>\n<td class=\"left\" valign=\"top\">Sprache:<\/td>\n<td class=\"right\" valign=\"top\">D &#8211; GB &#8211; I &#8211; E &#8211; P<\/td>\n<\/tr>\n<\/tbody>\n<\/table>\n<h3 class=\"detail\">Einsatzzweck<\/h3>\n<p>F\u00fcr Automatikgetriebe, Handschaltgetriebe, Lenkungssysteme, Hydrauliken und Nebenantriebe sowohl im Pkw als auch im Nutzfahrzeugbereich. Einsatz entsprechend den vorgeschriebenen Spezifikationen der Aggregat- bzw. Kfz- und Getriebehersteller.<\/p>\n<p>&nbsp;<\/p>\n<h3 class=\"detail\">Spezifikationen und Freigaben<\/h3>\n<p>Allison C4 ; Dexron II D ; Dexron II E ; Dexron III G ; Dexron III H ; Dexron TASA (Typ A\/Suffix A) ; Ford Mercon ; MAN 339 Typ L1 ; MAN 339 Typ V1 ; MAN 339 Typ Z1 ; MB-Freigabe 236.1 ; Voith H55.6335.XX (G 607) ; ZF TE-ML 04D ; ZF TE-ML 14A ; ZF TE-ML 17C<\/p>\n<p>&nbsp;<\/p>\n<p><b>LIQUI MOLY empfiehlt dieses Produkt zus\u00e4tzlich f\u00fcr Fahrzeuge bzw. Aggregate, f\u00fcr die folgende Spezifikationen oder Originalersatzteilnummern gefordert werden:<\/b><br \/>\nAllison TES 389 ; Caterpillar TO-2 ; MB 236.6 ; Volvo 97341 ; ZF TE-ML 02F ; ZF TE-ML 03D ; ZF TE-ML 09 ; ZF TE-ML 11A ; ZF TE-ML 11B ; ZF TE-ML 14B<\/p>\n<div class=\"content-row content-standalone bg-light py-5 py-lg-6 variantswitch-sku-3651\">\n<div class=\"ghs-information container fs-11\">\n<div class=\"d-grid gap-3\">\n<div class=\"text-md-center text-muted ps-md-2 pe-md-2\">\n<ul class=\"info-text m-0 p-0\">\n<li>EUH210 Sicherheitsdatenblatt auf Anfrage erh\u00e4ltlich.<\/li>\n<\/ul>\n<\/div>\n<\/div>\n<\/div>\n<\/div>\n<div class=\"container\">\n<div class=\"content-tabs-wrapper content-tabs-container content-row product info detailed mage-tabs-disabled\">\n<div class=\"horizontal-scroll horizontal-scroll--fade-out\" data-limo-observe-movement=\"\">\n<ul class=\"nav content-tabs scroll-snap-x flex-nowrap\" data-limo-observe-tabs=\"\">\n<li class=\"d-inline-block nav-item px-2_5\" role=\"tablist\"><\/li>\n<\/ul>\n<\/div>\n<\/div>\n<\/div>\n<p>Wenn Sie Fragen rund um die Liqui Moly Produkte haben sollten, z\u00f6gern Sie nicht und kontaktieren Sie uns. Gerne stehen wir Ihnen jederzeit gerne zur Verf\u00fcgung.<\/p>\n","protected":false},"excerpt":{"rendered":"<p>Top Tec ATF 1100 Synthesetechnologie-Automatikgetriebe\u00f6l der neuesten Generation mit extrem hoher Leistungsreserve. Bietet eine hohe thermische Stabilit\u00e4t und sorgt somit f\u00fcr optimale Alterungsbest\u00e4ndigkeit. Ausgezeichneter Verschlei\u00dfschutz und g\u00fcnstiges Reibverhalten. H\u00f6chste Sicherheitsreserven durch moderne Additivtechnologie. Mit verbesserter Formel f\u00fcr lange Getriebelebensdauer. Vertr\u00e4glich mit s\u00e4mtlichen Dichtungsmaterialien. Artikelnummer: 3650 Gebinde: 500 ml Dose Kunststoff Paletteninhalt: 840 VPE: 6 STK [&hellip;]<\/p>\n","protected":false},"featured_media":22636,"comment_status":"closed","ping_status":"closed","template":"","meta":[],"class_list":["post-22635","product","type-product","status-publish","has-post-thumbnail","hentry","product_cat-baumaschinen","product_cat-getriebeoele-baumaschinen"],"_links":{"self":[{"href":"https:\/\/www.liqui-moly-shop.ch\/index.php\/wp-json\/wp\/v2\/product\/22635","targetHints":{"allow":["GET"]}}],"collection":[{"href":"https:\/\/www.liqui-moly-shop.ch\/index.php\/wp-json\/wp\/v2\/product"}],"about":[{"href":"https:\/\/www.liqui-moly-shop.ch\/index.php\/wp-json\/wp\/v2\/types\/product"}],"replies":[{"embeddable":true,"href":"https:\/\/www.liqui-moly-shop.ch\/index.php\/wp-json\/wp\/v2\/comments?post=22635"}],"wp:featuredmedia":[{"embeddable":true,"href":"https:\/\/www.liqui-moly-shop.ch\/index.php\/wp-json\/wp\/v2\/media\/22636"}],"wp:attachment":[{"href":"https:\/\/www.liqui-moly-shop.ch\/index.php\/wp-json\/wp\/v2\/media?parent=22635"}],"curies":[{"name":"wp","href":"https:\/\/api.w.org\/{rel}","templated":true}]}}