{"id":22714,"date":"2018-07-17T00:00:00","date_gmt":"2018-07-17T00:00:00","guid":{"rendered":"https:\/\/dev.liqui-moly-shop.ch\/index.php\/product\/atf-dexron-ii-d\/"},"modified":"2018-07-17T00:00:00","modified_gmt":"2018-07-17T00:00:00","slug":"atf-dexron-ii-d","status":"publish","type":"product","link":"https:\/\/www.liqui-moly-shop.ch\/index.php\/product\/atf-dexron-ii-d\/","title":{"rendered":"ATF Dexron II D"},"content":{"rendered":"<h3>ATF Dexron II D<\/h3>\n<p>Automatikgetriebe\u00f6l mit ausgezeichneter Alterungsstabilit\u00e4t. Verhindert die Bildung st\u00f6render Ablagerungen. F\u00fcr Fahrzeuge mit bew\u00e4hrter Getriebetechnologie. Maximaler Verschlei\u00dfschutz und g\u00fcnstiges Reibverhalten. Verf\u00fcgt \u00fcber eine gute Dichtungsvertr\u00e4glichkeit. Bietet optimalen Korrosionsschutz.<\/p>\n<p><!-- --><\/p>\n<table id=\"detail\">\n<tbody>\n<tr>\n<td class=\"left\" valign=\"top\">Artikelnummer:<\/td>\n<td class=\"right\" valign=\"top\">4443*<\/td>\n<\/tr>\n<tr>\n<td class=\"left\" valign=\"top\">Gebinde:<\/td>\n<td class=\"right\" valign=\"top\">1 l Dose Kunststoff<\/td>\n<\/tr>\n<tr>\n<td class=\"left\" valign=\"top\">Paletteninhalt:<\/td>\n<td class=\"right\" valign=\"top\">570<\/td>\n<\/tr>\n<tr>\n<td class=\"left\" valign=\"top\">VPE:<\/td>\n<td class=\"right\" valign=\"top\">6 STK<\/td>\n<\/tr>\n<tr>\n<td class=\"left\" valign=\"top\">Sprache:<\/td>\n<td class=\"right\" valign=\"top\">D &#8211; GB &#8211; I &#8211; E &#8211; P<\/td>\n<\/tr>\n<\/tbody>\n<\/table>\n<h3 class=\"detail\">Einsatzzweck<\/h3>\n<p>F\u00fcr Automatikgetriebe, Handschaltgetriebe, Lenkungssysteme, Hydrauliken und Nebenantriebe sowohl im Pkw- als auch im Nutzfahrzeugbereich. Einsatz entsprechend den vorgeschriebenen Spezifikationen der Aggregat- bzw. Kfz- und Getriebehersteller.<\/p>\n<h3 class=\"detail\">Spezifikationen und Freigaben<\/h3>\n<p>Allison C4 ; Denison ; Dexron II D ; Ford ESP-M2C 166-H ; Ford Mercon ; GM -Dexron ; MAN 339 Typ L2 ; MAN 339 Typ V1 ; MAN 339 Typ Z1 ; Voith H55.6335.XX (G 607) ; ZF TE-ML 04D ; ZF TE-ML 11A ; ZF TE-ML 14A ; ZF Freigabenummer ZF002052<\/p>\n<p>&nbsp;<\/p>\n<p><b>LIQUI MOLY empfiehlt dieses Produkt zus\u00e4tzlich f\u00fcr Fahrzeuge bzw. Aggregate, f\u00fcr die folgende Spezifikationen oder Originalersatzteilnummern gefordert werden:<\/b><br \/>\nCaterpillar TO-2 ; MB 236.6 ; ZF TE-ML 09<\/p>\n<p>Wenn Sie Fragen rund um die Liqui Moly Produkte haben sollten, z\u00f6gern Sie nicht und kontaktieren Sie uns. Gerne stehen wir Ihnen jederzeit gerne zur Verf\u00fcgung.<\/p>\n","protected":false},"excerpt":{"rendered":"<p>ATF Dexron II D Automatikgetriebe\u00f6l mit ausgezeichneter Alterungsstabilit\u00e4t. Verhindert die Bildung st\u00f6render Ablagerungen. F\u00fcr Fahrzeuge mit bew\u00e4hrter Getriebetechnologie. Maximaler Verschlei\u00dfschutz und g\u00fcnstiges Reibverhalten. Verf\u00fcgt \u00fcber eine gute Dichtungsvertr\u00e4glichkeit. Bietet optimalen Korrosionsschutz. Artikelnummer: 4443* Gebinde: 1 l Dose Kunststoff Paletteninhalt: 570 VPE: 6 STK Sprache: D &#8211; GB &#8211; I &#8211; E &#8211; P Einsatzzweck F\u00fcr [&hellip;]<\/p>\n","protected":false},"featured_media":22715,"comment_status":"closed","ping_status":"closed","template":"","meta":[],"class_list":["post-22714","product","type-product","status-publish","has-post-thumbnail","hentry","product_cat-baumaschinen","product_cat-getriebeoele-baumaschinen"],"_links":{"self":[{"href":"https:\/\/www.liqui-moly-shop.ch\/index.php\/wp-json\/wp\/v2\/product\/22714","targetHints":{"allow":["GET"]}}],"collection":[{"href":"https:\/\/www.liqui-moly-shop.ch\/index.php\/wp-json\/wp\/v2\/product"}],"about":[{"href":"https:\/\/www.liqui-moly-shop.ch\/index.php\/wp-json\/wp\/v2\/types\/product"}],"replies":[{"embeddable":true,"href":"https:\/\/www.liqui-moly-shop.ch\/index.php\/wp-json\/wp\/v2\/comments?post=22714"}],"wp:featuredmedia":[{"embeddable":true,"href":"https:\/\/www.liqui-moly-shop.ch\/index.php\/wp-json\/wp\/v2\/media\/22715"}],"wp:attachment":[{"href":"https:\/\/www.liqui-moly-shop.ch\/index.php\/wp-json\/wp\/v2\/media?parent=22714"}],"curies":[{"name":"wp","href":"https:\/\/api.w.org\/{rel}","templated":true}]}}