{"id":22738,"date":"2018-07-17T00:00:00","date_gmt":"2018-07-17T00:00:00","guid":{"rendered":"https:\/\/dev.liqui-moly-shop.ch\/index.php\/product\/traktoroel-stou-10w-40\/"},"modified":"2024-01-03T10:04:10","modified_gmt":"2024-01-03T10:04:10","slug":"traktoroel-stou-10w-40","status":"publish","type":"product","link":"https:\/\/www.liqui-moly-shop.ch\/index.php\/product\/traktoroel-stou-10w-40\/","title":{"rendered":"Traktor\u00f6l STOU 10W-40"},"content":{"rendered":"<h3>Traktor\u00f6l STOU 10W-40<\/h3>\n<p>Mineralisches Hochleistungs\u00f6l. Erm\u00f6glicht einen vielf\u00e4ltigen Einsatzbereich. Rationalisiert die Lagerhaltung und minimiert die Verwechslungsgefahr durch Sortengleichheit. Verhindert die Bildung st\u00f6render Ablagerungen. Sorgt selbst unter extremen Betriebsbedingungen f\u00fcr einen stabilen Schmierfilm. Mit hervorragendem Verschlei\u00dfschutz. Sichert die Funktionsf\u00e4higkeit der Aggregate und sorgt f\u00fcr eine maximale Lebensdauer.<\/p>\n<p><!-- --><\/p>\n<table id=\"detail\">\n<tbody>\n<tr>\n<td class=\"left\" valign=\"top\">Artikelnummer:<\/td>\n<td class=\"right\" valign=\"top\">4722<\/td>\n<\/tr>\n<tr>\n<td class=\"left\" valign=\"top\">Gebinde:<\/td>\n<td class=\"right\" valign=\"top\">20 l Kanister Kunststoff<\/td>\n<\/tr>\n<tr>\n<td class=\"left\" valign=\"top\">Paletteninhalt:<\/td>\n<td class=\"right\" valign=\"top\">24<\/td>\n<\/tr>\n<tr>\n<td class=\"left\" valign=\"top\">VPE:<\/td>\n<td class=\"right\" valign=\"top\">1 STK<\/td>\n<\/tr>\n<tr>\n<td class=\"left\" valign=\"top\">Sprache:<\/td>\n<td class=\"right\" valign=\"top\">D &#8211; GB<\/td>\n<\/tr>\n<\/tbody>\n<\/table>\n<h3 class=\"detail\">Einsatzzweck<\/h3>\n<p>Ganzjahres\u00f6l. Speziell entwickelt f\u00fcr land- und forstwirtschaftliche Fahrzeuge und Aggregate. Universell einsetzbar in Motoren, Getriebe, Hydraulik, Turbokupplungen und Tauchbadbremsen (Nassbremsen).<\/p>\n<h3 class=\"detail\">Spezifikationen und Freigaben<\/h3>\n<p>ACEA E2 ; ACEA E3 ; Allison C4 ; API CF-4 ; API CG-4 ; API SF ; API GL4 ; Caterpillar TO-2 ; Ford New Holland M2C 84-A ; Ford New Holland M2C 159-B ; Ford New Holland M2C 159-C ; Mack EO-K ; Mack EO-K2 ; MIL-L 2104 D ; MIL-L 2105 ; MIL-L 46152 B ; ZF TE-ML 06B ; ZF TE-ML 07B<\/p>\n<p>&nbsp;<\/p>\n<p><b>LIQUI MOLY empfiehlt dieses Produkt zus\u00e4tzlich f\u00fcr Fahrzeuge bzw. Aggregate, f\u00fcr die folgende Spezifikationen oder Originalersatzteilnummern gefordert werden:<\/b><br \/>\nCase (IHC) B6 ; David Brown ; Fendt ; John Deere J27 ; KHD ; Massey-Ferguson M1139 ; Massey-Ferguson M1144 ; Massey-Ferguson M1145 ; MB 227.1 ; MB 228.1 ; Steyr<\/p>\n<ul class=\"info-text m-0 p-0\">\n<li>EUH208 Enth\u00e4lt 2-Tetradecyloxiran, Reaktionsprodukte mit Bors\u00e4ure. Kann allergische Reaktionen hervorrufen.<\/li>\n<li>EUH210 Sicherheitsdatenblatt auf Anfrage erh\u00e4ltlich.<\/li>\n<\/ul>\n<p>Wenn Sie Fragen rund um die Liqui Moly Produkte haben sollten, z\u00f6gern Sie nicht und kontaktieren Sie uns. Gerne stehen wir Ihnen jederzeit gerne zur Verf\u00fcgung.<\/p>\n","protected":false},"excerpt":{"rendered":"<p>Traktor\u00f6l STOU 10W-40 Mineralisches Hochleistungs\u00f6l. Erm\u00f6glicht einen vielf\u00e4ltigen Einsatzbereich. Rationalisiert die Lagerhaltung und minimiert die Verwechslungsgefahr durch Sortengleichheit. Verhindert die Bildung st\u00f6render Ablagerungen. Sorgt selbst unter extremen Betriebsbedingungen f\u00fcr einen stabilen Schmierfilm. Mit hervorragendem Verschlei\u00dfschutz. Sichert die Funktionsf\u00e4higkeit der Aggregate und sorgt f\u00fcr eine maximale Lebensdauer. Artikelnummer: 4722 Gebinde: 20 l Kanister Kunststoff Paletteninhalt: 24 [&hellip;]<\/p>\n","protected":false},"featured_media":22739,"comment_status":"closed","ping_status":"closed","template":"","meta":[],"class_list":["post-22738","product","type-product","status-publish","has-post-thumbnail","hentry","product_cat-baumaschinen","product_cat-getriebeoele-baumaschinen"],"_links":{"self":[{"href":"https:\/\/www.liqui-moly-shop.ch\/index.php\/wp-json\/wp\/v2\/product\/22738","targetHints":{"allow":["GET"]}}],"collection":[{"href":"https:\/\/www.liqui-moly-shop.ch\/index.php\/wp-json\/wp\/v2\/product"}],"about":[{"href":"https:\/\/www.liqui-moly-shop.ch\/index.php\/wp-json\/wp\/v2\/types\/product"}],"replies":[{"embeddable":true,"href":"https:\/\/www.liqui-moly-shop.ch\/index.php\/wp-json\/wp\/v2\/comments?post=22738"}],"wp:featuredmedia":[{"embeddable":true,"href":"https:\/\/www.liqui-moly-shop.ch\/index.php\/wp-json\/wp\/v2\/media\/22739"}],"wp:attachment":[{"href":"https:\/\/www.liqui-moly-shop.ch\/index.php\/wp-json\/wp\/v2\/media?parent=22738"}],"curies":[{"name":"wp","href":"https:\/\/api.w.org\/{rel}","templated":true}]}}