{"id":22924,"date":"2018-07-17T00:00:00","date_gmt":"2018-07-17T00:00:00","guid":{"rendered":"https:\/\/dev.liqui-moly-shop.ch\/index.php\/product\/radnaben-paste-pinseldose\/"},"modified":"2023-12-01T16:00:09","modified_gmt":"2023-12-01T16:00:09","slug":"radnaben-paste-pinseldose","status":"publish","type":"product","link":"https:\/\/www.liqui-moly-shop.ch\/index.php\/product\/radnaben-paste-pinseldose\/","title":{"rendered":"Radnaben-Paste (Pinseldose)"},"content":{"rendered":"<h3>Radnaben-Paste (Pinseldose)<\/h3>\n<p>Synthetische, metallfreie Trennpaste, die in erster Linie entwickelt wurde, um das Festschwei\u00dfen bzw. Festrosten der Felgen auf der Radnabe zu verhindern. Bei ordnungsgem\u00e4\u00dfer Anwendung wird durch das ausgezeichnete Haftverm\u00f6gen selbst bei hohen Drehzahlen ein Abschleudern verhindert. Das Produkt kann auch zur Schmierung an Schraubverbindungen oder bei Reparatur- und Wartungsarbeiten an Bremsanlagen eingesetzt werden.<br \/>\nTemperatureinsatzbereich: \u201340\u2009\u00b0C bis +1.400\u2009\u00b0C.<\/p>\n<p><!-- --><\/p>\n<table id=\"detail\">\n<tbody>\n<tr>\n<td class=\"left\" valign=\"top\">Artikelnummer:<\/td>\n<td class=\"right\" valign=\"top\">4058<\/td>\n<\/tr>\n<tr>\n<td class=\"left\" valign=\"top\">Gebinde:<\/td>\n<td class=\"right\" valign=\"top\">200 ml Dose Aerosol<\/td>\n<\/tr>\n<tr>\n<td class=\"left\" valign=\"top\">Paletteninhalt:<\/td>\n<td class=\"right\" valign=\"top\">1080<\/td>\n<\/tr>\n<tr>\n<td class=\"left\" valign=\"top\">VPE:<\/td>\n<td class=\"right\" valign=\"top\">6 STK<\/td>\n<\/tr>\n<tr>\n<td class=\"left\" valign=\"top\">Sprache:<\/td>\n<td class=\"right\" valign=\"top\">D &#8211; GB &#8211; I &#8211; E &#8211; P<\/td>\n<\/tr>\n<\/tbody>\n<\/table>\n<h3 class=\"detail\">Einsatzzweck<\/h3>\n<p>Trennpaste f\u00fcr Zentrierringe an Alufelgen, Verbindungsstellen zwischen Felgen und Radnaben, f\u00fcr Steck- und Schraubverbindungen sowie bei Reparatur- und Wartungsarbeiten an Bremsanlagen.<\/p>\n<div class=\"d-flex justify-content-md-center gap-1\"><img decoding=\"async\" title=\"ghs02\" src=\"https:\/\/liquimoly.cloudimg.io\/v7\/https:\/\/www.liqui-moly.com\/static\/version1700056317\/frontend\/limo\/base\/de_DE\/images\/info\/ghs02.png\" alt=\"ghs02\" width=\"35px\" height=\"35px\" \/><img decoding=\"async\" title=\"ghs05\" src=\"https:\/\/liquimoly.cloudimg.io\/v7\/https:\/\/www.liqui-moly.com\/static\/version1700056317\/frontend\/limo\/base\/de_DE\/images\/info\/ghs05.png\" alt=\"ghs05\" width=\"35px\" height=\"35px\" \/><\/div>\n<div class=\"text-md-center text-muted ps-md-2 pe-md-2\"><strong>Gefahr<\/strong><\/p>\n<ul class=\"info-text m-0 p-0\">\n<li>H222 Extrem entz\u00fcndbares Aerosol.<\/li>\n<li>H229 Beh\u00e4lter steht unter Druck: Kann bei Erw\u00e4rmung bersten.<\/li>\n<li>H315 Verursacht Hautreizungen.<\/li>\n<li>H318 Verursacht schwere Augensch\u00e4den.<\/li>\n<li>EUH211 Achtung! Beim Spr\u00fchen k\u00f6nnen gef\u00e4hrliche lungeng\u00e4ngige Tr\u00f6pfchen entstehen. Aerosol oder Nebel nicht einatmen.<\/li>\n<\/ul>\n<\/div>\n<p>Wenn Sie Fragen rund um die Liqui Moly Produkte haben sollten, z\u00f6gern Sie nicht und kontaktieren Sie uns. Gerne stehen wir Ihnen jederzeit gerne zur Verf\u00fcgung.<\/p>\n","protected":false},"excerpt":{"rendered":"<p>Radnaben-Paste (Pinseldose) Synthetische, metallfreie Trennpaste, die in erster Linie entwickelt wurde, um das Festschwei\u00dfen bzw. Festrosten der Felgen auf der Radnabe zu verhindern. Bei ordnungsgem\u00e4\u00dfer Anwendung wird durch das ausgezeichnete Haftverm\u00f6gen selbst bei hohen Drehzahlen ein Abschleudern verhindert. Das Produkt kann auch zur Schmierung an Schraubverbindungen oder bei Reparatur- und Wartungsarbeiten an Bremsanlagen eingesetzt werden. [&hellip;]<\/p>\n","protected":false},"featured_media":22925,"comment_status":"closed","ping_status":"closed","template":"","meta":[],"class_list":["post-22924","product","type-product","status-publish","has-post-thumbnail","hentry","product_cat-fahrzeugpflege-2","product_cat-felgen-reifen"],"_links":{"self":[{"href":"https:\/\/www.liqui-moly-shop.ch\/index.php\/wp-json\/wp\/v2\/product\/22924","targetHints":{"allow":["GET"]}}],"collection":[{"href":"https:\/\/www.liqui-moly-shop.ch\/index.php\/wp-json\/wp\/v2\/product"}],"about":[{"href":"https:\/\/www.liqui-moly-shop.ch\/index.php\/wp-json\/wp\/v2\/types\/product"}],"replies":[{"embeddable":true,"href":"https:\/\/www.liqui-moly-shop.ch\/index.php\/wp-json\/wp\/v2\/comments?post=22924"}],"wp:featuredmedia":[{"embeddable":true,"href":"https:\/\/www.liqui-moly-shop.ch\/index.php\/wp-json\/wp\/v2\/media\/22925"}],"wp:attachment":[{"href":"https:\/\/www.liqui-moly-shop.ch\/index.php\/wp-json\/wp\/v2\/media?parent=22924"}],"curies":[{"name":"wp","href":"https:\/\/api.w.org\/{rel}","templated":true}]}}