{"id":22933,"date":"2018-07-17T00:00:00","date_gmt":"2018-07-17T00:00:00","guid":{"rendered":"https:\/\/dev.liqui-moly-shop.ch\/index.php\/product\/glas-reiniger\/"},"modified":"2023-12-13T09:41:21","modified_gmt":"2023-12-13T09:41:21","slug":"glas-reiniger","status":"publish","type":"product","link":"https:\/\/www.liqui-moly-shop.ch\/index.php\/product\/glas-reiniger\/","title":{"rendered":"Glas-Reiniger"},"content":{"rendered":"<h3>Glas-Reiniger<\/h3>\n<p>Konzentrierter, alkoholbasierender Reiniger zur Reinigung von Glasscheiben und anderen harten und glatten, alkoholbest\u00e4ndigen Oberfl\u00e4chen an Geb\u00e4uden und Fahrzeugen etc. Entfernt m\u00fchelos hartn\u00e4ckigste Verschmutzungen aus \u00d6l-, Fett-, Silikon-, Kalk- und Seifenspritzer, Fingerabdr\u00fccke etc. Selbst hartn\u00e4ckige Verschmutzungen wie Wachsr\u00fcckst\u00e4nde, Farbnebel und Insektenkadaver lassen sich leicht entfernen. Hat ein einmaliges Trocknungsverhalten und hinterl\u00e4sst somit eine schlierenfreie sowie r\u00fcckstandslose Oberfl\u00e4che. Auch die Anwendungst\u00fccher trocknen schneller und k\u00f6nnen somit l\u00e4nger im Einsatz bleiben.<\/p>\n<p><!-- --><\/p>\n<table id=\"detail\">\n<tbody>\n<tr>\n<td class=\"left\" valign=\"top\">Artikelnummer:<\/td>\n<td class=\"right\" valign=\"top\">8194<\/td>\n<\/tr>\n<tr>\n<td class=\"left\" valign=\"top\">Gebinde:<\/td>\n<td class=\"right\" valign=\"top\">10 l Kanister Kunststoff<\/td>\n<\/tr>\n<tr>\n<td class=\"left\" valign=\"top\">Paletteninhalt:<\/td>\n<td class=\"right\" valign=\"top\">40<\/td>\n<\/tr>\n<tr>\n<td class=\"left\" valign=\"top\">VPE:<\/td>\n<td class=\"right\" valign=\"top\">1 STK<\/td>\n<\/tr>\n<tr>\n<td class=\"left\" valign=\"top\">Sprache:<\/td>\n<td class=\"right\" valign=\"top\">D<\/td>\n<\/tr>\n<\/tbody>\n<\/table>\n<h3 class=\"detail\">Einsatzzweck<\/h3>\n<p>F\u00fcr Fenster, Spiegel, Fliesen, Kacheln, Keramik, Bleche sowie f\u00fcr glatte, harte Oberfl\u00e4chen wie T\u00fcren, Arbeitsplatten in Industrie, Gewerbe und Haushalt.<\/p>\n<div class=\"d-flex justify-content-md-center gap-1\"><img decoding=\"async\" title=\"ghs02\" src=\"https:\/\/liquimoly.cloudimg.io\/v7\/https:\/\/www.liqui-moly.com\/static\/version1702332212\/frontend\/limo\/base\/de_DE\/images\/info\/ghs02.png\" alt=\"ghs02\" width=\"35px\" height=\"35px\" \/><img decoding=\"async\" title=\"ghs07\" src=\"https:\/\/liquimoly.cloudimg.io\/v7\/https:\/\/www.liqui-moly.com\/static\/version1702332212\/frontend\/limo\/base\/de_DE\/images\/info\/ghs07.png\" alt=\"ghs07\" width=\"35px\" height=\"35px\" \/><\/div>\n<div class=\"text-md-center text-muted ps-md-2 pe-md-2\"><strong>Achtung<\/strong><\/p>\n<ul class=\"info-text m-0 p-0\">\n<li>H226 Fl\u00fcssigkeit und Dampf entz\u00fcndbar.<\/li>\n<li>H319 Verursacht schwere Augenreizung.<\/li>\n<li>H336 Kann Schl\u00e4frigkeit und Benommenheit verursachen.<\/li>\n<\/ul>\n<\/div>\n<p>Wenn Sie Fragen rund um die Liqui Moly Produkte haben sollten, z\u00f6gern Sie nicht und kontaktieren Sie uns. Gerne stehen wir Ihnen jederzeit gerne zur Verf\u00fcgung.<\/p>\n","protected":false},"excerpt":{"rendered":"<p>Glas-Reiniger Konzentrierter, alkoholbasierender Reiniger zur Reinigung von Glasscheiben und anderen harten und glatten, alkoholbest\u00e4ndigen Oberfl\u00e4chen an Geb\u00e4uden und Fahrzeugen etc. Entfernt m\u00fchelos hartn\u00e4ckigste Verschmutzungen aus \u00d6l-, Fett-, Silikon-, Kalk- und Seifenspritzer, Fingerabdr\u00fccke etc. Selbst hartn\u00e4ckige Verschmutzungen wie Wachsr\u00fcckst\u00e4nde, Farbnebel und Insektenkadaver lassen sich leicht entfernen. Hat ein einmaliges Trocknungsverhalten und hinterl\u00e4sst somit eine schlierenfreie sowie [&hellip;]<\/p>\n","protected":false},"featured_media":22934,"comment_status":"closed","ping_status":"closed","template":"","meta":[],"class_list":["post-22933","product","type-product","status-publish","has-post-thumbnail","hentry","product_cat-fahrzeugpflege-2","product_cat-glas"],"_links":{"self":[{"href":"https:\/\/www.liqui-moly-shop.ch\/index.php\/wp-json\/wp\/v2\/product\/22933","targetHints":{"allow":["GET"]}}],"collection":[{"href":"https:\/\/www.liqui-moly-shop.ch\/index.php\/wp-json\/wp\/v2\/product"}],"about":[{"href":"https:\/\/www.liqui-moly-shop.ch\/index.php\/wp-json\/wp\/v2\/types\/product"}],"replies":[{"embeddable":true,"href":"https:\/\/www.liqui-moly-shop.ch\/index.php\/wp-json\/wp\/v2\/comments?post=22933"}],"wp:featuredmedia":[{"embeddable":true,"href":"https:\/\/www.liqui-moly-shop.ch\/index.php\/wp-json\/wp\/v2\/media\/22934"}],"wp:attachment":[{"href":"https:\/\/www.liqui-moly-shop.ch\/index.php\/wp-json\/wp\/v2\/media?parent=22933"}],"curies":[{"name":"wp","href":"https:\/\/api.w.org\/{rel}","templated":true}]}}