{"id":22954,"date":"2018-07-17T00:00:00","date_gmt":"2018-07-17T00:00:00","guid":{"rendered":"https:\/\/dev.liqui-moly-shop.ch\/index.php\/product\/cockpitglanz\/"},"modified":"2023-12-13T12:29:27","modified_gmt":"2023-12-13T12:29:27","slug":"cockpitglanz","status":"publish","type":"product","link":"https:\/\/www.liqui-moly-shop.ch\/index.php\/product\/cockpitglanz\/","title":{"rendered":"Cockpitglanz"},"content":{"rendered":"<h3>Cockpitglanz<\/h3>\n<p>Stumpfe und verwitterte Kunststoffe werden\u00a0wieder wie neu. Die Kunststoffteile erhalten ihr urspr\u00fcngliches Aussehen zur\u00fcck und trocknen nicht aus. L\u00e4stige Knarr- und Quietschger\u00e4usche werden verhindert. Pflegt ohne zu fetten, ist antistatisch und staubabweisend. Gute Schmierwirkung bei Gummi- und Plastikteilen, impr\u00e4gniert und isoliert, universell einsetzbar. Silikonhaltig.<\/p>\n<p><!-- --><\/p>\n<table id=\"detail\">\n<tbody>\n<tr>\n<td class=\"left\" valign=\"top\">Artikelnummer:<\/td>\n<td class=\"right\" valign=\"top\">1510<\/td>\n<\/tr>\n<tr>\n<td class=\"left\" valign=\"top\">Gebinde:<\/td>\n<td class=\"right\" valign=\"top\">200 ml Dose Aerosol<\/td>\n<\/tr>\n<tr>\n<td class=\"left\" valign=\"top\">Paletteninhalt:<\/td>\n<td class=\"right\" valign=\"top\">2304<\/td>\n<\/tr>\n<tr>\n<td class=\"left\" valign=\"top\">VPE:<\/td>\n<td class=\"right\" valign=\"top\">12 STK<\/td>\n<\/tr>\n<tr>\n<td class=\"left\" valign=\"top\">Sprache:<\/td>\n<td class=\"right\" valign=\"top\">D &#8211; GB &#8211; I &#8211; E &#8211; P<\/td>\n<\/tr>\n<\/tbody>\n<\/table>\n<h3 class=\"detail\">Einsatzzweck<\/h3>\n<p>Bei quietschenden und knarrenden Armaturbrettern, bei schwerg\u00e4ngigen Sicherheitsgurten (Gurte beidseitig bespr\u00fchen). F\u00fcr alle matten Kunststoffe wie Kunststoffsto\u00dfstangen, Spoiler usw. Zur allgemeinen Innenraumpflege im Kfz.<\/p>\n<div class=\"d-flex justify-content-md-center gap-1\"><img decoding=\"async\" title=\"ghs02\" src=\"https:\/\/liquimoly.cloudimg.io\/v7\/https:\/\/www.liqui-moly.com\/static\/version1702332212\/frontend\/limo\/base\/de_DE\/images\/info\/ghs02.png\" alt=\"ghs02\" width=\"35px\" height=\"35px\" \/><\/div>\n<div class=\"text-md-center text-muted ps-md-2 pe-md-2\"><strong>Gefahr<\/strong><\/p>\n<ul class=\"info-text m-0 p-0\">\n<li>H222 Extrem entz\u00fcndbares Aerosol.<\/li>\n<li>H229 Beh\u00e4lter steht unter Druck: Kann bei Erw\u00e4rmung bersten.<\/li>\n<li>EUH066 Wiederholter Kontakt kann zu spr\u00f6der oder rissiger Haut f\u00fchren.<\/li>\n<\/ul>\n<\/div>\n<p>Wenn Sie Fragen rund um die Liqui Moly Produkte haben sollten, z\u00f6gern Sie nicht und kontaktieren Sie uns. Gerne stehen wir Ihnen jederzeit gerne zur Verf\u00fcgung.<\/p>\n","protected":false},"excerpt":{"rendered":"<p>Cockpitglanz Stumpfe und verwitterte Kunststoffe werden\u00a0wieder wie neu. Die Kunststoffteile erhalten ihr urspr\u00fcngliches Aussehen zur\u00fcck und trocknen nicht aus. L\u00e4stige Knarr- und Quietschger\u00e4usche werden verhindert. Pflegt ohne zu fetten, ist antistatisch und staubabweisend. Gute Schmierwirkung bei Gummi- und Plastikteilen, impr\u00e4gniert und isoliert, universell einsetzbar. Silikonhaltig. Artikelnummer: 1510 Gebinde: 200 ml Dose Aerosol Paletteninhalt: 2304 VPE: [&hellip;]<\/p>\n","protected":false},"featured_media":22955,"comment_status":"closed","ping_status":"closed","template":"","meta":[],"class_list":["post-22954","product","type-product","status-publish","has-post-thumbnail","hentry","product_cat-fahrzeugpflege-2","product_cat-innenraum"],"_links":{"self":[{"href":"https:\/\/www.liqui-moly-shop.ch\/index.php\/wp-json\/wp\/v2\/product\/22954","targetHints":{"allow":["GET"]}}],"collection":[{"href":"https:\/\/www.liqui-moly-shop.ch\/index.php\/wp-json\/wp\/v2\/product"}],"about":[{"href":"https:\/\/www.liqui-moly-shop.ch\/index.php\/wp-json\/wp\/v2\/types\/product"}],"replies":[{"embeddable":true,"href":"https:\/\/www.liqui-moly-shop.ch\/index.php\/wp-json\/wp\/v2\/comments?post=22954"}],"wp:featuredmedia":[{"embeddable":true,"href":"https:\/\/www.liqui-moly-shop.ch\/index.php\/wp-json\/wp\/v2\/media\/22955"}],"wp:attachment":[{"href":"https:\/\/www.liqui-moly-shop.ch\/index.php\/wp-json\/wp\/v2\/media?parent=22954"}],"curies":[{"name":"wp","href":"https:\/\/api.w.org\/{rel}","templated":true}]}}