{"id":23068,"date":"2018-07-17T00:00:00","date_gmt":"2018-07-17T00:00:00","guid":{"rendered":"https:\/\/dev.liqui-moly-shop.ch\/index.php\/product\/bio-saege-kettenoel\/"},"modified":"2018-07-17T00:00:00","modified_gmt":"2018-07-17T00:00:00","slug":"bio-saege-kettenoel","status":"publish","type":"product","link":"https:\/\/www.liqui-moly-shop.ch\/index.php\/product\/bio-saege-kettenoel\/","title":{"rendered":"Bio S\u00e4ge-Ketten\u00f6l"},"content":{"rendered":"<h3>Bio S\u00e4ge-Ketten\u00f6l<\/h3>\n<p>Umweltfreundliches, biologisch abbaubares Ketten\u00f6l (Test OECD 301 B) auf pflanzlicher Basis mit hervorragendem Haft- und Schmierverm\u00f6gen. Sch\u00fctzt vor Verschlei\u00df und Korrosion. Das g\u00fcnstige Viskosit\u00e4tstemperaturverhalten gew\u00e4hrleistet den Ganzjahreseinsatz bei hohen und tiefen Au\u00dfentemperaturen. Vom KWF (Kuratorium f\u00fcr Waldarbeit und Forsttechnik) gepr\u00fcft.<\/p>\n<p><!-- --><\/p>\n<table id=\"detail\">\n<tbody>\n<tr>\n<td class=\"left\" valign=\"top\">Artikelnummer:<\/td>\n<td class=\"right\" valign=\"top\">1280<\/td>\n<\/tr>\n<tr>\n<td class=\"left\" valign=\"top\">Gebinde:<\/td>\n<td class=\"right\" valign=\"top\">1 l Kanister Kunststoff<\/td>\n<\/tr>\n<tr>\n<td class=\"left\" valign=\"top\">Paletteninhalt:<\/td>\n<td class=\"right\" valign=\"top\">600<\/td>\n<\/tr>\n<tr>\n<td class=\"left\" valign=\"top\">VPE:<\/td>\n<td class=\"right\" valign=\"top\">6 STK<\/td>\n<\/tr>\n<tr>\n<td class=\"left\" valign=\"top\">Sprache:<\/td>\n<td class=\"right\" valign=\"top\">D &#8211; GB &#8211; I &#8211; E &#8211; P<\/td>\n<\/tr>\n<\/tbody>\n<\/table>\n<h3 class=\"detail\">Einsatzzweck<\/h3>\n<p>Zur Kettenschmierung aller Hochleistungsmotors\u00e4gen. F\u00fcr extreme Einsatzbedingungen wie z. B. S\u00e4gen von Hartholz.<\/p>\n<p>Wenn Sie Fragen rund um die Liqui Moly Produkte haben sollten, z\u00f6gern Sie nicht und kontaktieren Sie uns. Gerne stehen wir Ihnen jederzeit gerne zur Verf\u00fcgung.<\/p>\n","protected":false},"excerpt":{"rendered":"<p>Bio S\u00e4ge-Ketten\u00f6l Umweltfreundliches, biologisch abbaubares Ketten\u00f6l (Test OECD 301 B) auf pflanzlicher Basis mit hervorragendem Haft- und Schmierverm\u00f6gen. Sch\u00fctzt vor Verschlei\u00df und Korrosion. Das g\u00fcnstige Viskosit\u00e4tstemperaturverhalten gew\u00e4hrleistet den Ganzjahreseinsatz bei hohen und tiefen Au\u00dfentemperaturen. Vom KWF (Kuratorium f\u00fcr Waldarbeit und Forsttechnik) gepr\u00fcft. Artikelnummer: 1280 Gebinde: 1 l Kanister Kunststoff Paletteninhalt: 600 VPE: 6 STK Sprache: [&hellip;]<\/p>\n","protected":false},"featured_media":23069,"comment_status":"closed","ping_status":"closed","template":"","meta":[],"class_list":["post-23068","product","type-product","status-publish","has-post-thumbnail","hentry","product_cat-gartenprodukte","product_cat-schmierstoffe-gartenprodukte"],"_links":{"self":[{"href":"https:\/\/www.liqui-moly-shop.ch\/index.php\/wp-json\/wp\/v2\/product\/23068","targetHints":{"allow":["GET"]}}],"collection":[{"href":"https:\/\/www.liqui-moly-shop.ch\/index.php\/wp-json\/wp\/v2\/product"}],"about":[{"href":"https:\/\/www.liqui-moly-shop.ch\/index.php\/wp-json\/wp\/v2\/types\/product"}],"replies":[{"embeddable":true,"href":"https:\/\/www.liqui-moly-shop.ch\/index.php\/wp-json\/wp\/v2\/comments?post=23068"}],"wp:featuredmedia":[{"embeddable":true,"href":"https:\/\/www.liqui-moly-shop.ch\/index.php\/wp-json\/wp\/v2\/media\/23069"}],"wp:attachment":[{"href":"https:\/\/www.liqui-moly-shop.ch\/index.php\/wp-json\/wp\/v2\/media?parent=23068"}],"curies":[{"name":"wp","href":"https:\/\/api.w.org\/{rel}","templated":true}]}}