{"id":23116,"date":"2018-07-17T00:00:00","date_gmt":"2018-07-17T00:00:00","guid":{"rendered":"https:\/\/dev.liqui-moly-shop.ch\/index.php\/product\/universaloel-fuer-lebensmittel-technik\/"},"modified":"2025-09-29T07:07:08","modified_gmt":"2025-09-29T07:07:08","slug":"universaloel-fuer-lebensmittel-technik","status":"publish","type":"product","link":"https:\/\/www.liqui-moly-shop.ch\/index.php\/product\/universaloel-fuer-lebensmittel-technik\/","title":{"rendered":"Universal\u00f6l f\u00fcr Lebensmittel-Technik"},"content":{"rendered":"<h3>Universal\u00f6l f\u00fcr Lebensmittel-Technik<\/h3>\n<p>Medizinisch reines, geruchs- und geschmackfreies Weiss\u00f6l gem\u00e4ss den Anforderungen nach DAB 10.<\/p>\n<p><!-- --><\/p>\n<table id=\"detail\">\n<tbody>\n<tr>\n<td class=\"left\" valign=\"top\">Artikelnummer:<\/td>\n<td class=\"right\" valign=\"top\">3121<\/td>\n<\/tr>\n<tr>\n<td class=\"left\" valign=\"top\">Gebinde:<\/td>\n<td class=\"right\" valign=\"top\">100 ml Dose Aerosol<\/td>\n<\/tr>\n<tr>\n<td class=\"left\" valign=\"top\">Paletteninhalt:<\/td>\n<td class=\"right\" valign=\"top\">2688<\/td>\n<\/tr>\n<tr>\n<td class=\"left\" valign=\"top\">VPE:<\/td>\n<td class=\"right\" valign=\"top\">12 STK<\/td>\n<\/tr>\n<tr>\n<td class=\"left\" valign=\"top\">Sprache:<\/td>\n<td class=\"right\" valign=\"top\">D &#8211; GB<\/td>\n<\/tr>\n<\/tbody>\n<\/table>\n<h3 class=\"detail\">Einsatzzweck<\/h3>\n<p>F\u00fcr kosmetische und pharmazeutische Zwecke, in der Lebensmittelindustrie, in der medizinischen Technik und Landwirtschaft.<\/p>\n<p>Wenn Sie Fragen rund um die Liqui Moly Produkte haben sollten, z\u00f6gern Sie nicht und kontaktieren Sie uns. Gerne stehen wir Ihnen jederzeit gerne zur Verf\u00fcgung.<\/p>\n","protected":false},"excerpt":{"rendered":"<p>Universal\u00f6l f\u00fcr Lebensmittel-Technik Medizinisch reines, geruchs- und geschmackfreies Weiss\u00f6l gem\u00e4ss den Anforderungen nach DAB 10. Artikelnummer: 3121 Gebinde: 100 ml Dose Aerosol Paletteninhalt: 2688 VPE: 12 STK Sprache: D &#8211; GB Einsatzzweck F\u00fcr kosmetische und pharmazeutische Zwecke, in der Lebensmittelindustrie, in der medizinischen Technik und Landwirtschaft. Wenn Sie Fragen rund um die Liqui Moly Produkte [&hellip;]<\/p>\n","protected":false},"featured_media":23117,"comment_status":"closed","ping_status":"closed","template":"","meta":[],"class_list":["post-23116","product","type-product","status-publish","has-post-thumbnail","hentry","product_cat-industrieprodukte","product_cat-spezialoele"],"_links":{"self":[{"href":"https:\/\/www.liqui-moly-shop.ch\/index.php\/wp-json\/wp\/v2\/product\/23116","targetHints":{"allow":["GET"]}}],"collection":[{"href":"https:\/\/www.liqui-moly-shop.ch\/index.php\/wp-json\/wp\/v2\/product"}],"about":[{"href":"https:\/\/www.liqui-moly-shop.ch\/index.php\/wp-json\/wp\/v2\/types\/product"}],"replies":[{"embeddable":true,"href":"https:\/\/www.liqui-moly-shop.ch\/index.php\/wp-json\/wp\/v2\/comments?post=23116"}],"wp:featuredmedia":[{"embeddable":true,"href":"https:\/\/www.liqui-moly-shop.ch\/index.php\/wp-json\/wp\/v2\/media\/23117"}],"wp:attachment":[{"href":"https:\/\/www.liqui-moly-shop.ch\/index.php\/wp-json\/wp\/v2\/media?parent=23116"}],"curies":[{"name":"wp","href":"https:\/\/api.w.org\/{rel}","templated":true}]}}