{"id":23137,"date":"2018-07-17T00:00:00","date_gmt":"2018-07-17T00:00:00","guid":{"rendered":"https:\/\/dev.liqui-moly-shop.ch\/index.php\/product\/classic-motorenoel-sae-20w-50-hd\/"},"modified":"2023-10-09T09:46:19","modified_gmt":"2023-10-09T09:46:19","slug":"classic-motorenoel-sae-20w-50-hd","status":"publish","type":"product","link":"https:\/\/www.liqui-moly-shop.ch\/index.php\/product\/classic-motorenoel-sae-20w-50-hd\/","title":{"rendered":"Classic Motoren\u00f6l SAE 20W-50 HD"},"content":{"rendered":"<h3>Classic Motoren\u00f6l SAE 20W-50 HD<\/h3>\n<p>Mild legiertes, mineralisches Motor\u00f6l. Speziell auf die Anforderungen klassischer Fahrzeuge und Motorr\u00e4der\u00a0mit \u00d6lfilter\u00a0abgestimmt. Ausgew\u00e4hlte Grund\u00f6le und Additive gew\u00e4hrleisten\u00a0optimale Schmierung und\u00a0sehr guten Verschlei\u00dfschutz unter allen Betriebsbedingungen.<\/p>\n<p><!-- --><\/p>\n<table id=\"detail\">\n<tbody>\n<tr>\n<td class=\"left\" valign=\"top\">Artikelnummer:<\/td>\n<td class=\"right\" valign=\"top\">1128<\/td>\n<\/tr>\n<tr>\n<td class=\"left\" valign=\"top\">Gebinde:<\/td>\n<td class=\"right\" valign=\"top\">1 l Kanister Kunststoff<\/td>\n<\/tr>\n<tr>\n<td class=\"left\" valign=\"top\">Paletteninhalt:<\/td>\n<td class=\"right\" valign=\"top\">432<\/td>\n<\/tr>\n<tr>\n<td class=\"left\" valign=\"top\">VPE:<\/td>\n<td class=\"right\" valign=\"top\">6 STK<\/td>\n<\/tr>\n<tr>\n<td class=\"left\" valign=\"top\">Sprache:<\/td>\n<td class=\"right\" valign=\"top\">D &#8211; GB &#8211; I &#8211; E &#8211; P<\/td>\n<\/tr>\n<\/tbody>\n<\/table>\n<h3 class=\"detail\">Einsatzzweck<\/h3>\n<p>Speziell\u00a0f\u00fcr klassische Fahrzeuge und Motorr\u00e4der mit \u00d6lfilterelementen, in denen ein mild legierter Schmierstoff gefordert wird.<\/p>\n<h3 class=\"detail\">Spezifikationen und Freigaben<\/h3>\n<p>API SC ; API SD ; API SE ; API CC<\/p>\n<ul class=\"info-text m-0 p-0\">\n<li>EUH210 Sicherheitsdatenblatt auf Anfrage erh\u00e4ltlich.<\/li>\n<\/ul>\n<p>Wenn Sie Fragen rund um die Liqui Moly Produkte haben sollten, z\u00f6gern Sie nicht und kontaktieren Sie uns. Gerne stehen wir Ihnen jederzeit gerne zur Verf\u00fcgung.<\/p>\n","protected":false},"excerpt":{"rendered":"<p>Classic Motoren\u00f6l SAE 20W-50 HD Mild legiertes, mineralisches Motor\u00f6l. Speziell auf die Anforderungen klassischer Fahrzeuge und Motorr\u00e4der\u00a0mit \u00d6lfilter\u00a0abgestimmt. Ausgew\u00e4hlte Grund\u00f6le und Additive gew\u00e4hrleisten\u00a0optimale Schmierung und\u00a0sehr guten Verschlei\u00dfschutz unter allen Betriebsbedingungen. Artikelnummer: 1128 Gebinde: 1 l Kanister Kunststoff Paletteninhalt: 432 VPE: 6 STK Sprache: D &#8211; GB &#8211; I &#8211; E &#8211; P Einsatzzweck Speziell\u00a0f\u00fcr klassische [&hellip;]<\/p>\n","protected":false},"featured_media":23138,"comment_status":"closed","ping_status":"closed","template":"","meta":[],"class_list":["post-23137","product","type-product","status-publish","has-post-thumbnail","hentry","product_cat-klassische-fahrzeuge","product_cat-motoroele-4-takt"],"_links":{"self":[{"href":"https:\/\/www.liqui-moly-shop.ch\/index.php\/wp-json\/wp\/v2\/product\/23137","targetHints":{"allow":["GET"]}}],"collection":[{"href":"https:\/\/www.liqui-moly-shop.ch\/index.php\/wp-json\/wp\/v2\/product"}],"about":[{"href":"https:\/\/www.liqui-moly-shop.ch\/index.php\/wp-json\/wp\/v2\/types\/product"}],"replies":[{"embeddable":true,"href":"https:\/\/www.liqui-moly-shop.ch\/index.php\/wp-json\/wp\/v2\/comments?post=23137"}],"wp:featuredmedia":[{"embeddable":true,"href":"https:\/\/www.liqui-moly-shop.ch\/index.php\/wp-json\/wp\/v2\/media\/23138"}],"wp:attachment":[{"href":"https:\/\/www.liqui-moly-shop.ch\/index.php\/wp-json\/wp\/v2\/media?parent=23137"}],"curies":[{"name":"wp","href":"https:\/\/api.w.org\/{rel}","templated":true}]}}