{"id":23237,"date":"2018-07-17T00:00:00","date_gmt":"2018-07-17T00:00:00","guid":{"rendered":"https:\/\/dev.liqui-moly-shop.ch\/index.php\/product\/liquimate-2k-power-kleber\/"},"modified":"2023-12-15T12:45:08","modified_gmt":"2023-12-15T12:45:08","slug":"liquimate-2k-power-kleber","status":"publish","type":"product","link":"https:\/\/www.liqui-moly-shop.ch\/index.php\/product\/liquimate-2k-power-kleber\/","title":{"rendered":"Liquimate 2K Power Kleber"},"content":{"rendered":"<h3>Liquimate 2K Power Kleber<\/h3>\n<p>Hochfester,\u00a0schnellh\u00e4rtender\u00a02-Komponenten-Methylacrylat-Klebstoff.\u00a0Zur dauerhaften Kraftverklebung verschiedenster Materialien (z. B. Stahl, Alu, Metalle, warmverformbare Kunststoffe, Verbundwerkstoffe ABS, Acryle, PVC, GFK, PC, PET, PU usw.) sowohl mit-\u00a0als auch\u00a0untereinander.\u00a0\u00c4u\u00dferst sto\u00df- und absch\u00e4lfest\u00a0sowie beliebig zu bearbeiten. Best\u00e4ndig gegen Benzin, \u00d6l, milde S\u00e4uren und Laugen.<\/p>\n<p><!-- --><\/p>\n<table id=\"detail\">\n<tbody>\n<tr>\n<td class=\"left\" valign=\"top\">Artikelnummer:<\/td>\n<td class=\"right\" valign=\"top\">6179<\/td>\n<\/tr>\n<tr>\n<td class=\"left\" valign=\"top\">Gebinde:<\/td>\n<td class=\"right\" valign=\"top\">25 ml Blister<\/td>\n<\/tr>\n<tr>\n<td class=\"left\" valign=\"top\">Paletteninhalt:<\/td>\n<td class=\"right\" valign=\"top\">900<\/td>\n<\/tr>\n<tr>\n<td class=\"left\" valign=\"top\">VPE:<\/td>\n<td class=\"right\" valign=\"top\">6 STK<\/td>\n<\/tr>\n<tr>\n<td class=\"left\" valign=\"top\">Sprache:<\/td>\n<td class=\"right\" valign=\"top\">D &#8211; GB &#8211; F &#8211; I &#8211; E &#8211; P<\/td>\n<\/tr>\n<\/tbody>\n<\/table>\n<h3 class=\"detail\">Einsatzzweck<\/h3>\n<p>Universalkleber f\u00fcr den Karosserie- und Fahrzeugbau (z. B. Sto\u00dff\u00e4nger, K\u00fchler, Beleuchtung, Haltegriffe, Konsolenteile, Spoiler, Telefon- und Lautsprecherbefestigung). Ersatzmischer (Mischerspitze mit Gewinde, Art.-Nr. 6242).<\/p>\n<p>Wenn Sie Fragen rund um die Liqui Moly Produkte haben sollten, z\u00f6gern Sie nicht und kontaktieren Sie uns. Gerne stehen wir Ihnen jederzeit gerne zur Verf\u00fcgung.<\/p>\n","protected":false},"excerpt":{"rendered":"<p>Liquimate 2K Power Kleber Hochfester,\u00a0schnellh\u00e4rtender\u00a02-Komponenten-Methylacrylat-Klebstoff.\u00a0Zur dauerhaften Kraftverklebung verschiedenster Materialien (z. B. Stahl, Alu, Metalle, warmverformbare Kunststoffe, Verbundwerkstoffe ABS, Acryle, PVC, GFK, PC, PET, PU usw.) sowohl mit-\u00a0als auch\u00a0untereinander.\u00a0\u00c4u\u00dferst sto\u00df- und absch\u00e4lfest\u00a0sowie beliebig zu bearbeiten. Best\u00e4ndig gegen Benzin, \u00d6l, milde S\u00e4uren und Laugen. Artikelnummer: 6179 Gebinde: 25 ml Blister Paletteninhalt: 900 VPE: 6 STK Sprache: D [&hellip;]<\/p>\n","protected":false},"featured_media":23238,"comment_status":"closed","ping_status":"closed","template":"","meta":[],"class_list":["post-23237","product","type-product","status-publish","has-post-thumbnail","hentry","product_cat-kleben-und-dichten","product_cat-technische-klebstoffe"],"_links":{"self":[{"href":"https:\/\/www.liqui-moly-shop.ch\/index.php\/wp-json\/wp\/v2\/product\/23237","targetHints":{"allow":["GET"]}}],"collection":[{"href":"https:\/\/www.liqui-moly-shop.ch\/index.php\/wp-json\/wp\/v2\/product"}],"about":[{"href":"https:\/\/www.liqui-moly-shop.ch\/index.php\/wp-json\/wp\/v2\/types\/product"}],"replies":[{"embeddable":true,"href":"https:\/\/www.liqui-moly-shop.ch\/index.php\/wp-json\/wp\/v2\/comments?post=23237"}],"wp:featuredmedia":[{"embeddable":true,"href":"https:\/\/www.liqui-moly-shop.ch\/index.php\/wp-json\/wp\/v2\/media\/23238"}],"wp:attachment":[{"href":"https:\/\/www.liqui-moly-shop.ch\/index.php\/wp-json\/wp\/v2\/media?parent=23237"}],"curies":[{"name":"wp","href":"https:\/\/api.w.org\/{rel}","templated":true}]}}