{"id":23488,"date":"2018-07-17T00:00:00","date_gmt":"2018-07-17T00:00:00","guid":{"rendered":"https:\/\/dev.liqui-moly-shop.ch\/index.php\/product\/marine-4t-motor-oil-25w-40\/"},"modified":"2024-02-20T15:31:12","modified_gmt":"2024-02-20T15:31:12","slug":"marine-4t-motor-oil-25w-40","status":"publish","type":"product","link":"https:\/\/www.liqui-moly-shop.ch\/index.php\/product\/marine-4t-motor-oil-25w-40\/","title":{"rendered":"Marine 4T Motor Oil 25W-40"},"content":{"rendered":"<h3>Marine 4T Motor Oil 25W-40<\/h3>\n<p>Mineralisches Hochleistungsmotor\u00f6l mit speziellen Marineadditiven. Sorgt selbst unter extremen Betriebsbedingungen f\u00fcr einen stabilen Schmierfilm. H\u00e4lt Motordichtungen wie z. B. Wellendichtringe und Ventilschaftabdichtungen elastisch und sorgt f\u00fcr einen geringen \u00d6lverbrauch. Kat- und Turbo-getestet.<\/p>\n<p><!-- --><\/p>\n<table id=\"detail\">\n<tbody>\n<tr>\n<td class=\"left\" valign=\"top\">Artikelnummer:<\/td>\n<td class=\"right\" valign=\"top\">25026<\/td>\n<\/tr>\n<tr>\n<td class=\"left\" valign=\"top\">Gebinde:<\/td>\n<td class=\"right\" valign=\"top\">1 l Kanister Kunststoff<\/td>\n<\/tr>\n<tr>\n<td class=\"left\" valign=\"top\">Paletteninhalt:<\/td>\n<td class=\"right\" valign=\"top\">576<\/td>\n<\/tr>\n<tr>\n<td class=\"left\" valign=\"top\">VPE:<\/td>\n<td class=\"right\" valign=\"top\">6 STK<\/td>\n<\/tr>\n<tr>\n<td class=\"left\" valign=\"top\">Sprache:<\/td>\n<td class=\"right\" valign=\"top\">BOOKLET<\/td>\n<\/tr>\n<\/tbody>\n<\/table>\n<h3 class=\"detail\">Einsatzzweck<\/h3>\n<p>Mehrbereichsmotor\u00f6l f\u00fcr Innen- und Au\u00dfenbordmotoren. Durch die NMMA FC-W\u00ae-Zertifizierung f\u00fcr Motoren von Evinrude, Honda, Johnson, Mercury, Suzuki und Tohatsu freigegeben.<\/p>\n<p>&nbsp;<\/p>\n<h3 class=\"detail\">Spezifikationen und Freigaben<\/h3>\n<p>API SL ; NMMA FC-W\u00ae<\/p>\n<ul class=\"info-text m-0 p-0\">\n<li>EUH210 Sicherheitsdatenblatt auf Anfrage erh\u00e4ltlich.<\/li>\n<\/ul>\n<p>Wenn Sie Fragen rund um die Liqui Moly Produkte haben sollten, z\u00f6gern Sie nicht und kontaktieren Sie uns. Gerne stehen wir Ihnen jederzeit gerne zur Verf\u00fcgung.<\/p>\n","protected":false},"excerpt":{"rendered":"<p>Marine 4T Motor Oil 25W-40 Mineralisches Hochleistungsmotor\u00f6l mit speziellen Marineadditiven. Sorgt selbst unter extremen Betriebsbedingungen f\u00fcr einen stabilen Schmierfilm. H\u00e4lt Motordichtungen wie z. B. Wellendichtringe und Ventilschaftabdichtungen elastisch und sorgt f\u00fcr einen geringen \u00d6lverbrauch. Kat- und Turbo-getestet. Artikelnummer: 25026 Gebinde: 1 l Kanister Kunststoff Paletteninhalt: 576 VPE: 6 STK Sprache: BOOKLET Einsatzzweck Mehrbereichsmotor\u00f6l f\u00fcr Innen- [&hellip;]<\/p>\n","protected":false},"featured_media":23489,"comment_status":"closed","ping_status":"closed","template":"","meta":[],"class_list":["post-23488","product","type-product","status-publish","has-post-thumbnail","hentry","product_cat-marine","product_cat-mineralisch-motoroele-4-takt-marine","product_cat-motoroele-4-takt-marine"],"_links":{"self":[{"href":"https:\/\/www.liqui-moly-shop.ch\/index.php\/wp-json\/wp\/v2\/product\/23488","targetHints":{"allow":["GET"]}}],"collection":[{"href":"https:\/\/www.liqui-moly-shop.ch\/index.php\/wp-json\/wp\/v2\/product"}],"about":[{"href":"https:\/\/www.liqui-moly-shop.ch\/index.php\/wp-json\/wp\/v2\/types\/product"}],"replies":[{"embeddable":true,"href":"https:\/\/www.liqui-moly-shop.ch\/index.php\/wp-json\/wp\/v2\/comments?post=23488"}],"wp:featuredmedia":[{"embeddable":true,"href":"https:\/\/www.liqui-moly-shop.ch\/index.php\/wp-json\/wp\/v2\/media\/23489"}],"wp:attachment":[{"href":"https:\/\/www.liqui-moly-shop.ch\/index.php\/wp-json\/wp\/v2\/media?parent=23488"}],"curies":[{"name":"wp","href":"https:\/\/api.w.org\/{rel}","templated":true}]}}