{"id":23734,"date":"2018-07-17T00:00:00","date_gmt":"2018-07-17T00:00:00","guid":{"rendered":"https:\/\/dev.liqui-moly-shop.ch\/index.php\/product\/luftmassensensor-reiniger\/"},"modified":"2023-12-13T14:27:53","modified_gmt":"2023-12-13T14:27:53","slug":"luftmassensensor-reiniger","status":"publish","type":"product","link":"https:\/\/www.liqui-moly-shop.ch\/index.php\/product\/luftmassensensor-reiniger\/","title":{"rendered":"Luftmassensensor-Reiniger"},"content":{"rendered":"<h3>Luftmassensensor-Reiniger<\/h3>\n<p>Zur schnellen und schonenden Reinigung empfindlicher Bauteile des Luftmassensensors. Der Reiniger zeichnet sich durch seine schnelle und r\u00fcckstandsfreie Verdunstung aus. Ebenso k\u00f6nnen verschmutzte Sensoren bei Fahrzeugen mit Automatikgetrieben die Ursache f\u00fcr Schaltprobleme sein. Durch den Einsatz von Luftmassensensor-Reiniger kann ein teurer Austausch des Sensors meist vermieden werden.<\/p>\n<p><!-- --><\/p>\n<table id=\"detail\">\n<tbody>\n<tr>\n<td class=\"left\" valign=\"top\">Artikelnummer:<\/td>\n<td class=\"right\" valign=\"top\">4066<\/td>\n<\/tr>\n<tr>\n<td class=\"left\" valign=\"top\">Gebinde:<\/td>\n<td class=\"right\" valign=\"top\">200 ml Dose Aerosol<\/td>\n<\/tr>\n<tr>\n<td class=\"left\" valign=\"top\">Paletteninhalt:<\/td>\n<td class=\"right\" valign=\"top\">1596<\/td>\n<\/tr>\n<tr>\n<td class=\"left\" valign=\"top\">VPE:<\/td>\n<td class=\"right\" valign=\"top\">6 STK<\/td>\n<\/tr>\n<tr>\n<td class=\"left\" valign=\"top\">Sprache:<\/td>\n<td class=\"right\" valign=\"top\">D &#8211; GB &#8211; I &#8211; E &#8211; P<\/td>\n<\/tr>\n<\/tbody>\n<\/table>\n<h3 class=\"detail\">Einsatzzweck<\/h3>\n<p>Entfernt Verschmutzungen am Hitzedraht oder an der Hitzeplatte von Luftmassensensoren. F\u00fcr den Einsatz in Otto- und Dieselmotoren geeignet!<\/p>\n<div class=\"d-flex justify-content-md-center gap-1\"><img decoding=\"async\" title=\"ghs02\" src=\"https:\/\/liquimoly.cloudimg.io\/v7\/https:\/\/www.liqui-moly.com\/static\/version1702332212\/frontend\/limo\/base\/de_DE\/images\/info\/ghs02.png\" alt=\"ghs02\" width=\"35px\" height=\"35px\" \/><img decoding=\"async\" title=\"ghs07\" src=\"https:\/\/liquimoly.cloudimg.io\/v7\/https:\/\/www.liqui-moly.com\/static\/version1702332212\/frontend\/limo\/base\/de_DE\/images\/info\/ghs07.png\" alt=\"ghs07\" width=\"35px\" height=\"35px\" \/><\/div>\n<div class=\"text-md-center text-muted ps-md-2 pe-md-2\">\n<p><strong>Gefahr<\/strong><\/p>\n<ul class=\"info-text m-0 p-0\">\n<li>H222 Extrem entz\u00fcndbares Aerosol.<\/li>\n<li>H229 Beh\u00e4lter steht unter Druck: Kann bei Erw\u00e4rmung bersten.<\/li>\n<li>H315 Verursacht Hautreizungen.<\/li>\n<li>H319 Verursacht schwere Augenreizung.<\/li>\n<li>H336 Kann Schl\u00e4frigkeit und Benommenheit verursachen.<\/li>\n<li>H412 Sch\u00e4dlich f\u00fcr Wasserorganismen, mit langfristiger Wirkung.<\/li>\n<\/ul>\n<\/div>\n<p>Wenn Sie Fragen rund um die Liqui Moly Produkte haben sollten, z\u00f6gern Sie nicht und kontaktieren Sie uns. Gerne stehen wir Ihnen jederzeit gerne zur Verf\u00fcgung.<\/p>\n","protected":false},"excerpt":{"rendered":"<p>Luftmassensensor-Reiniger Zur schnellen und schonenden Reinigung empfindlicher Bauteile des Luftmassensensors. Der Reiniger zeichnet sich durch seine schnelle und r\u00fcckstandsfreie Verdunstung aus. Ebenso k\u00f6nnen verschmutzte Sensoren bei Fahrzeugen mit Automatikgetrieben die Ursache f\u00fcr Schaltprobleme sein. Durch den Einsatz von Luftmassensensor-Reiniger kann ein teurer Austausch des Sensors meist vermieden werden. Artikelnummer: 4066 Gebinde: 200 ml Dose Aerosol [&hellip;]<\/p>\n","protected":false},"featured_media":23735,"comment_status":"closed","ping_status":"closed","template":"","meta":[],"class_list":["post-23734","product","type-product","status-publish","has-post-thumbnail","hentry","product_cat-reparaturhilfen-serviceprodukte","product_cat-rostloeser-multifunktion"],"_links":{"self":[{"href":"https:\/\/www.liqui-moly-shop.ch\/index.php\/wp-json\/wp\/v2\/product\/23734","targetHints":{"allow":["GET"]}}],"collection":[{"href":"https:\/\/www.liqui-moly-shop.ch\/index.php\/wp-json\/wp\/v2\/product"}],"about":[{"href":"https:\/\/www.liqui-moly-shop.ch\/index.php\/wp-json\/wp\/v2\/types\/product"}],"replies":[{"embeddable":true,"href":"https:\/\/www.liqui-moly-shop.ch\/index.php\/wp-json\/wp\/v2\/comments?post=23734"}],"wp:featuredmedia":[{"embeddable":true,"href":"https:\/\/www.liqui-moly-shop.ch\/index.php\/wp-json\/wp\/v2\/media\/23735"}],"wp:attachment":[{"href":"https:\/\/www.liqui-moly-shop.ch\/index.php\/wp-json\/wp\/v2\/media?parent=23734"}],"curies":[{"name":"wp","href":"https:\/\/api.w.org\/{rel}","templated":true}]}}