{"id":23891,"date":"2018-07-17T00:00:00","date_gmt":"2018-07-17T00:00:00","guid":{"rendered":"https:\/\/dev.liqui-moly-shop.ch\/index.php\/product\/touring-high-tech-10w-30\/"},"modified":"2025-07-16T12:35:44","modified_gmt":"2025-07-16T12:35:44","slug":"touring-high-tech-10w-30","status":"publish","type":"product","link":"https:\/\/www.liqui-moly-shop.ch\/index.php\/product\/touring-high-tech-10w-30\/","title":{"rendered":"Touring High Tech 10W-30"},"content":{"rendered":"<h3>Touring High Tech 10W-30<\/h3>\n<p>Mineralisches Mehrbereichs\u00f6l f\u00fcr klassische Motoren und Aggregate, bei denen der Hersteller ein mild legiertes Motor\u00f6l vorschreibt. Verhindert die Schlammbildung. Sorgt f\u00fcr einen stabilen Schmierfilm. Mit optimalem Verschlei\u00dfschutz.<\/p>\n<p><!-- --><\/p>\n<table id=\"detail\">\n<tbody>\n<tr>\n<td class=\"left\" valign=\"top\">Artikelnummer:<\/td>\n<td class=\"right\" valign=\"top\">20796<\/td>\n<\/tr>\n<tr>\n<td class=\"left\" valign=\"top\">Gebinde:<\/td>\n<td class=\"right\" valign=\"top\">4 l Kanister Kunststoff<\/td>\n<\/tr>\n<tr>\n<td class=\"left\" valign=\"top\">Paletteninhalt:<\/td>\n<td class=\"right\" valign=\"top\">576<\/td>\n<\/tr>\n<tr>\n<td class=\"left\" valign=\"top\">VPE:<\/td>\n<td class=\"right\" valign=\"top\">6 STK<\/td>\n<\/tr>\n<tr>\n<td class=\"left\" valign=\"top\">Sprache:<\/td>\n<td class=\"right\" valign=\"top\">D &#8211; GB &#8211; ARAB &#8211; RUS &#8211; KZ<\/td>\n<\/tr>\n<\/tbody>\n<\/table>\n<h3 class=\"detail\">Einsatzzweck<\/h3>\n<p>Ganzjahres\u00f6l f\u00fcr Benzin- und Dieselmotoren. Besonders geeignet f\u00fcr Aggregate und \u00e4ltere Fahrzeuge\u00a0\u2013 auch mit nachger\u00fcstetem Katalysator. Turbo-getestet.<\/p>\n<h3 class=\"detail\">Spezifikationen und Freigaben<\/h3>\n<p>API SF ; API CD<\/p>\n<ul class=\"info-text m-0 p-0\">\n<li>EUH210 Sicherheitsdatenblatt auf Anfrage erh\u00e4ltlich.<\/li>\n<\/ul>\n<p>Wenn Sie Fragen rund um die Liqui Moly Produkte haben sollten, z\u00f6gern Sie nicht und kontaktieren Sie uns. Gerne stehen wir Ihnen jederzeit gerne zur Verf\u00fcgung.<\/p>\n","protected":false},"excerpt":{"rendered":"<p>Touring High Tech 10W-30 Mineralisches Mehrbereichs\u00f6l f\u00fcr klassische Motoren und Aggregate, bei denen der Hersteller ein mild legiertes Motor\u00f6l vorschreibt. Verhindert die Schlammbildung. Sorgt f\u00fcr einen stabilen Schmierfilm. Mit optimalem Verschlei\u00dfschutz. Artikelnummer: 20796 Gebinde: 4 l Kanister Kunststoff Paletteninhalt: 576 VPE: 6 STK Sprache: D &#8211; GB &#8211; ARAB &#8211; RUS &#8211; KZ Einsatzzweck Ganzjahres\u00f6l [&hellip;]<\/p>\n","protected":false},"featured_media":23892,"comment_status":"closed","ping_status":"closed","template":"","meta":[],"class_list":["post-23891","product","type-product","status-publish","has-post-thumbnail","hentry","product_cat-10w-30","product_cat-motoroele-4-takt-auto","product_cat-schmierstoffe"],"_links":{"self":[{"href":"https:\/\/www.liqui-moly-shop.ch\/index.php\/wp-json\/wp\/v2\/product\/23891","targetHints":{"allow":["GET"]}}],"collection":[{"href":"https:\/\/www.liqui-moly-shop.ch\/index.php\/wp-json\/wp\/v2\/product"}],"about":[{"href":"https:\/\/www.liqui-moly-shop.ch\/index.php\/wp-json\/wp\/v2\/types\/product"}],"replies":[{"embeddable":true,"href":"https:\/\/www.liqui-moly-shop.ch\/index.php\/wp-json\/wp\/v2\/comments?post=23891"}],"wp:featuredmedia":[{"embeddable":true,"href":"https:\/\/www.liqui-moly-shop.ch\/index.php\/wp-json\/wp\/v2\/media\/23892"}],"wp:attachment":[{"href":"https:\/\/www.liqui-moly-shop.ch\/index.php\/wp-json\/wp\/v2\/media?parent=23891"}],"curies":[{"name":"wp","href":"https:\/\/api.w.org\/{rel}","templated":true}]}}