{"id":24000,"date":"2018-07-17T00:00:00","date_gmt":"2018-07-17T00:00:00","guid":{"rendered":"https:\/\/dev.liqui-moly-shop.ch\/index.php\/product\/top-tec-4600-5w-30\/"},"modified":"2023-10-05T08:17:23","modified_gmt":"2023-10-05T08:17:23","slug":"top-tec-4600-5w-30","status":"publish","type":"product","link":"https:\/\/www.liqui-moly-shop.ch\/index.php\/product\/top-tec-4600-5w-30\/","title":{"rendered":"Top Tec 4600 5W-30"},"content":{"rendered":"<h3>Top Tec 4600 5W-30<\/h3>\n<p><strong>Einsetzbar f\u00fcr Benzinfahrzeuge und f\u00fcr Dieselfahrzeuge mit und ohne Dieselpartikelfilter. <\/strong><br \/>\nModernes Leichtlaufmotor\u00f6l der Spitzenklasse f\u00fcr Benzin- und Dieselmotoren mit und ohne Dieselpartikelfilter (DPF) und Abgasturboaufladung. Die Kombination unkonventioneller Grund\u00f6le auf Basis von Synthesetechnologie und neuesten Additiven garantieren ein Motor\u00f6l, das hervorragend vor Verschlei\u00df sch\u00fctzt, den \u00d6l- und Kraftstoffverbrauch senkt und f\u00fcr eine schnelle Durch\u00f6lung des Motors sorgt. Somit lassen sich je nach Herstellervorschrift \u00d6lwechselintervalle von bis zu 40.000 km realisieren. <strong>ACHTUNG:<\/strong> Nicht au\u00dferhalb von Europa bestellbar.<\/p>\n<p><!-- --><\/p>\n<table id=\"detail\">\n<tbody>\n<tr>\n<td class=\"left\" valign=\"top\">Artikelnummer:<\/td>\n<td class=\"right\" valign=\"top\">3755<\/td>\n<\/tr>\n<tr>\n<td class=\"left\" valign=\"top\">Gebinde:<\/td>\n<td class=\"right\" valign=\"top\">1 l Kanister Kunststoff<\/td>\n<\/tr>\n<tr>\n<td class=\"left\" valign=\"top\">Paletteninhalt:<\/td>\n<td class=\"right\" valign=\"top\">576<\/td>\n<\/tr>\n<tr>\n<td class=\"left\" valign=\"top\">VPE:<\/td>\n<td class=\"right\" valign=\"top\">6 STK<\/td>\n<\/tr>\n<tr>\n<td class=\"left\" valign=\"top\">Sprache:<\/td>\n<td class=\"right\" valign=\"top\">D &#8211; F &#8211; I<\/td>\n<\/tr>\n<\/tbody>\n<\/table>\n<h3 class=\"detail\">Einsatzzweck<\/h3>\n<p>Optimal f\u00fcr modernste Benzinmotoren und Dieselmotoren mit Mehrventiltechnik, Valvetronic und Turboaufladung sowie mit und ohne Ladeluftk\u00fchlung (LLK). Speziell geeignet bei langen \u00d6lwechselintervallen und hohen motorischen Anforderungen. Auch geeignet f\u00fcr gasbetriebene Fahrzeuge (CNG\/LPG). Turbo- und Kat-getestet.<\/p>\n<h3 class=\"detail\">Spezifikationen und Freigaben<\/h3>\n<p>ACEA C3 ; API SN ; API CF ; BMW Longlife-04 ; GM dexos2\u2122 ; MB-Freigabe 229.31 ; MB-Freigabe 229.51 ; MB-Freigabe 229.52 ; VW 502 00 ; VW 505 00 ; VW 505 01<\/p>\n<p>&nbsp;<\/p>\n<p><b>LIQUI MOLY empfiehlt dieses Produkt zus\u00e4tzlich f\u00fcr Fahrzeuge bzw. Aggregate, f\u00fcr die folgende Spezifikationen oder Originalersatzteilnummern gefordert werden:<\/b><\/p>\n<p>ACEA A3 ; ACEA B4 ; Fiat 9.55535-S3 ; Ford WSS-M2C 917-A ; Opel GM-LL-A-025 ; Opel GM-LL-B-025<\/p>\n<ul class=\"info-text m-0 p-0\">\n<li>EUH208 Enth\u00e4lt Alkyl-(C18-C28)-Toluolsulfons\u00e4ure, Calciumsalze, boriert, Benzolsulfons\u00e4ure, Methyl-, Mono-C20-24-verzweigte Alkylderivate, Calciumsalze. Kann allergische Reaktionen hervorrufen.<\/li>\n<li>EUH210 Sicherheitsdatenblatt auf Anfrage erh\u00e4ltlich.<\/li>\n<\/ul>\n<p>Wenn Sie Fragen rund um die Liqui Moly Produkte haben sollten, z\u00f6gern Sie nicht und kontaktieren Sie uns. Gerne stehen wir Ihnen jederzeit gerne zur Verf\u00fcgung.<\/p>\n","protected":false},"excerpt":{"rendered":"<p>Top Tec 4600 5W-30 Einsetzbar f\u00fcr Benzinfahrzeuge und f\u00fcr Dieselfahrzeuge mit und ohne Dieselpartikelfilter. Modernes Leichtlaufmotor\u00f6l der Spitzenklasse f\u00fcr Benzin- und Dieselmotoren mit und ohne Dieselpartikelfilter (DPF) und Abgasturboaufladung. Die Kombination unkonventioneller Grund\u00f6le auf Basis von Synthesetechnologie und neuesten Additiven garantieren ein Motor\u00f6l, das hervorragend vor Verschlei\u00df sch\u00fctzt, den \u00d6l- und Kraftstoffverbrauch senkt und f\u00fcr [&hellip;]<\/p>\n","protected":false},"featured_media":24001,"comment_status":"closed","ping_status":"closed","template":"","meta":[],"class_list":["post-24000","product","type-product","status-publish","has-post-thumbnail","hentry","product_cat-5w-30","product_cat-motoroele-4-takt-auto","product_cat-schmierstoffe"],"_links":{"self":[{"href":"https:\/\/www.liqui-moly-shop.ch\/index.php\/wp-json\/wp\/v2\/product\/24000","targetHints":{"allow":["GET"]}}],"collection":[{"href":"https:\/\/www.liqui-moly-shop.ch\/index.php\/wp-json\/wp\/v2\/product"}],"about":[{"href":"https:\/\/www.liqui-moly-shop.ch\/index.php\/wp-json\/wp\/v2\/types\/product"}],"replies":[{"embeddable":true,"href":"https:\/\/www.liqui-moly-shop.ch\/index.php\/wp-json\/wp\/v2\/comments?post=24000"}],"wp:featuredmedia":[{"embeddable":true,"href":"https:\/\/www.liqui-moly-shop.ch\/index.php\/wp-json\/wp\/v2\/media\/24001"}],"wp:attachment":[{"href":"https:\/\/www.liqui-moly-shop.ch\/index.php\/wp-json\/wp\/v2\/media?parent=24000"}],"curies":[{"name":"wp","href":"https:\/\/api.w.org\/{rel}","templated":true}]}}