{"id":24070,"date":"2018-07-17T00:00:00","date_gmt":"2018-07-17T00:00:00","guid":{"rendered":"https:\/\/dev.liqui-moly-shop.ch\/index.php\/product\/keramik-paste\/"},"modified":"2023-10-20T14:01:53","modified_gmt":"2023-10-20T14:01:53","slug":"keramik-paste","status":"publish","type":"product","link":"https:\/\/www.liqui-moly-shop.ch\/index.php\/product\/keramik-paste\/","title":{"rendered":"Keramik-Paste"},"content":{"rendered":"<h3>Keramik-Paste<\/h3>\n<p>Teilsynthetische, wei\u00dfe Hochtemperaturpaste. Verhindert Festbrennen, Kaltverschwei\u00dfen, Festrosten und Ruckgleiten. Metallfrei. Sehr guter Verschlei\u00df- und Korrosionsschutz. Universell einsetzbar. Best\u00e4ndig gegen Hei\u00df- und Kaltwasser sowie gegen S\u00e4uren und Laugen. Temperatureinsatzbereich: \u201340\u2009\u00b0C bis +1.400\u2009\u00b0C.<\/p>\n<p><!-- --><\/p>\n<table id=\"detail\">\n<tbody>\n<tr>\n<td class=\"left\" valign=\"top\">Artikelnummer:<\/td>\n<td class=\"right\" valign=\"top\">3418<\/td>\n<\/tr>\n<tr>\n<td class=\"left\" valign=\"top\">Gebinde:<\/td>\n<td class=\"right\" valign=\"top\">50 g Tube Kunststoff<\/td>\n<\/tr>\n<tr>\n<td class=\"left\" valign=\"top\">Paletteninhalt:<\/td>\n<td class=\"right\" valign=\"top\">3120<\/td>\n<\/tr>\n<tr>\n<td class=\"left\" valign=\"top\">VPE:<\/td>\n<td class=\"right\" valign=\"top\">12 STK<\/td>\n<\/tr>\n<tr>\n<td class=\"left\" valign=\"top\">Sprache:<\/td>\n<td class=\"right\" valign=\"top\">D &#8211; GB &#8211; E<\/td>\n<\/tr>\n<\/tbody>\n<\/table>\n<h3 class=\"detail\">Einsatzzweck<\/h3>\n<p>Zur Schmierung von hochbelasteten Gleitfl\u00e4chen aller Art. Besonders bei geringen Geschwindigkeiten und oszilierenden Bewegungen. Trennen von temperaturbeanspruchten Bauteilen. Korrosionsschutz an Schrauben, Stiften, Bolzen, Flanschen, Spindeln und Passungen.<\/p>\n<ul class=\"info-text m-0 p-0\">\n<li>EUH210 Sicherheitsdatenblatt auf Anfrage erh\u00e4ltlich.<\/li>\n<li>EUH211 Achtung! Beim Spr\u00fchen k\u00f6nnen gef\u00e4hrliche lungeng\u00e4ngige Tr\u00f6pfchen entstehen. Aerosol oder Nebel nicht einatmen.<\/li>\n<\/ul>\n<p>Wenn Sie Fragen rund um die Liqui Moly Produkte haben sollten, z\u00f6gern Sie nicht und kontaktieren Sie uns. Gerne stehen wir Ihnen jederzeit gerne zur Verf\u00fcgung.<\/p>\n","protected":false},"excerpt":{"rendered":"<p>Keramik-Paste Teilsynthetische, wei\u00dfe Hochtemperaturpaste. Verhindert Festbrennen, Kaltverschwei\u00dfen, Festrosten und Ruckgleiten. Metallfrei. Sehr guter Verschlei\u00df- und Korrosionsschutz. Universell einsetzbar. Best\u00e4ndig gegen Hei\u00df- und Kaltwasser sowie gegen S\u00e4uren und Laugen. Temperatureinsatzbereich: \u201340\u2009\u00b0C bis +1.400\u2009\u00b0C. Artikelnummer: 3418 Gebinde: 50 g Tube Kunststoff Paletteninhalt: 3120 VPE: 12 STK Sprache: D &#8211; GB &#8211; E Einsatzzweck Zur Schmierung von hochbelasteten [&hellip;]<\/p>\n","protected":false},"featured_media":24071,"comment_status":"closed","ping_status":"closed","template":"","meta":[],"class_list":["post-24070","product","type-product","status-publish","has-post-thumbnail","hentry","product_cat-bremsenpaste","product_cat-pasten","product_cat-schmierstoffe"],"_links":{"self":[{"href":"https:\/\/www.liqui-moly-shop.ch\/index.php\/wp-json\/wp\/v2\/product\/24070","targetHints":{"allow":["GET"]}}],"collection":[{"href":"https:\/\/www.liqui-moly-shop.ch\/index.php\/wp-json\/wp\/v2\/product"}],"about":[{"href":"https:\/\/www.liqui-moly-shop.ch\/index.php\/wp-json\/wp\/v2\/types\/product"}],"replies":[{"embeddable":true,"href":"https:\/\/www.liqui-moly-shop.ch\/index.php\/wp-json\/wp\/v2\/comments?post=24070"}],"wp:featuredmedia":[{"embeddable":true,"href":"https:\/\/www.liqui-moly-shop.ch\/index.php\/wp-json\/wp\/v2\/media\/24071"}],"wp:attachment":[{"href":"https:\/\/www.liqui-moly-shop.ch\/index.php\/wp-json\/wp\/v2\/media?parent=24070"}],"curies":[{"name":"wp","href":"https:\/\/api.w.org\/{rel}","templated":true}]}}