{"id":24114,"date":"2018-07-17T00:00:00","date_gmt":"2018-07-17T00:00:00","guid":{"rendered":"https:\/\/dev.liqui-moly-shop.ch\/index.php\/product\/hypoid-getriebeoel-gl4-5-tdl-sae-80w-90\/"},"modified":"2024-02-13T15:07:46","modified_gmt":"2024-02-13T15:07:46","slug":"hypoid-getriebeoel-gl4-5-tdl-sae-80w-90","status":"publish","type":"product","link":"https:\/\/www.liqui-moly-shop.ch\/index.php\/product\/hypoid-getriebeoel-gl4-5-tdl-sae-80w-90\/","title":{"rendered":"Hypoid-Getriebe\u00f6l (GL4\/5) TDL SAE 80W-90"},"content":{"rendered":"<h3>Hypoid-Getriebe\u00f6l (GL4\/5) TDL SAE 80W-90<\/h3>\n<p>Mineralisches Hypoidgetriebe\u00f6l mit extrem hoher Leistungsreserve und\u00a0ausgezeichneter Alterungsstabilit\u00e4t. Gew\u00e4hrleistet selbst bei schwersten Betriebsbedingungen und gro\u00dfen Temperaturschwankungen die einwandfreie Funktion der Aggregate. Minimiert den Verschlei\u00df und verf\u00fcgt \u00fcber\u00a0hervorragendes Viskosit\u00e4tstemperaturverhalten. Erm\u00f6glicht lange \u00d6lwechselintervalle.<\/p>\n<p><!-- --><\/p>\n<table id=\"detail\">\n<tbody>\n<tr>\n<td class=\"left\" valign=\"top\">Artikelnummer:<\/td>\n<td class=\"right\" valign=\"top\">4705<\/td>\n<\/tr>\n<tr>\n<td class=\"left\" valign=\"top\">Gebinde:<\/td>\n<td class=\"right\" valign=\"top\">60 lt Fass<\/td>\n<\/tr>\n<tr>\n<td class=\"left\" valign=\"top\">Paletteninhalt:<\/td>\n<td class=\"right\" valign=\"top\">4<\/td>\n<\/tr>\n<tr>\n<td class=\"left\" valign=\"top\">VPE:<\/td>\n<td class=\"right\" valign=\"top\">1 STK<\/td>\n<\/tr>\n<tr>\n<td class=\"left\" valign=\"top\">Sprache:<\/td>\n<td class=\"right\" valign=\"top\">D &#8211; GB &#8211; I &#8211; E &#8211; P<\/td>\n<\/tr>\n<\/tbody>\n<\/table>\n<h3 class=\"detail\">Einsatzzweck<\/h3>\n<p>Speziell entwickelt f\u00fcr den Einsatz in Nutzfahrzeugen. Universell einsetzbares TDL-\u00d6l (total drive line) f\u00fcr Schalt-, Neben- und Differentialgetriebe ohne Sperrdifferential. Die Vorschriften der Fahrzeug- bzw. Aggregathersteller sind zu beachten.<\/p>\n<h3 class=\"detail\">Spezifikationen und Freigaben<\/h3>\n<p>API GL4 ; API GL5 ; API MT-1 ; MAN 341 Typ E2 ; MAN 341 Typ Z2 ; MAN 342 Typ M2 ; MIL-L 2105 D ; MIL-PRF 2105 E ; ZF TE-ML 02B ; ZF TE-ML 05A ; ZF TE-ML 12L ; ZF TE-ML 12M ; ZF TE-ML 16B ; ZF TE-ML 17H ; ZF TE-ML 19B ; ZF TE-ML 21A ; ZF Freigabenummer ZF001323<\/p>\n<p>&nbsp;<\/p>\n<p><b>LIQUI MOLY empfiehlt dieses Produkt zus\u00e4tzlich f\u00fcr Fahrzeuge bzw. Aggregate, f\u00fcr die folgende Spezifikationen oder Originalersatzteilnummern gefordert werden:<\/b><br \/>\nDAF ; Eaton ; MB 235.0 ; Scania STO 1:0 ; Volvo 97310 ; ZF TE-ML 17B<\/p>\n<div class=\"content-row content-standalone bg-light py-5 py-lg-6 variantswitch-sku-3658\">\n<div class=\"ghs-information container fs-11\">\n<div class=\"d-grid gap-3\">\n<div class=\"text-md-center text-muted ps-md-2 pe-md-2\">\n<ul class=\"info-text m-0 p-0\">\n<li>EUH210 Sicherheitsdatenblatt auf Anfrage erh\u00e4ltlich.<\/li>\n<\/ul>\n<\/div>\n<\/div>\n<\/div>\n<\/div>\n<div class=\"container\">\n<div class=\"content-tabs-wrapper content-tabs-container content-row product info detailed mage-tabs-disabled\">\n<div class=\"horizontal-scroll horizontal-scroll--fade-out\" data-limo-observe-movement=\"\"><\/div>\n<\/div>\n<\/div>\n<p>Wenn Sie Fragen rund um die Liqui Moly Produkte haben sollten, z\u00f6gern Sie nicht und kontaktieren Sie uns. Gerne stehen wir Ihnen jederzeit gerne zur Verf\u00fcgung.<\/p>\n","protected":false},"excerpt":{"rendered":"<p>Hypoid-Getriebe\u00f6l (GL4\/5) TDL SAE 80W-90 Mineralisches Hypoidgetriebe\u00f6l mit extrem hoher Leistungsreserve und\u00a0ausgezeichneter Alterungsstabilit\u00e4t. Gew\u00e4hrleistet selbst bei schwersten Betriebsbedingungen und gro\u00dfen Temperaturschwankungen die einwandfreie Funktion der Aggregate. Minimiert den Verschlei\u00df und verf\u00fcgt \u00fcber\u00a0hervorragendes Viskosit\u00e4tstemperaturverhalten. Erm\u00f6glicht lange \u00d6lwechselintervalle. Artikelnummer: 4705 Gebinde: 60 lt Fass Paletteninhalt: 4 VPE: 1 STK Sprache: D &#8211; GB &#8211; I &#8211; E [&hellip;]<\/p>\n","protected":false},"featured_media":24115,"comment_status":"closed","ping_status":"closed","template":"","meta":[],"class_list":["post-24114","product","type-product","status-publish","has-post-thumbnail","hentry","product_cat-schaltgetriebe-hypoidgetriebe-verteilergetriebeoele","product_cat-schmierstoffe"],"_links":{"self":[{"href":"https:\/\/www.liqui-moly-shop.ch\/index.php\/wp-json\/wp\/v2\/product\/24114","targetHints":{"allow":["GET"]}}],"collection":[{"href":"https:\/\/www.liqui-moly-shop.ch\/index.php\/wp-json\/wp\/v2\/product"}],"about":[{"href":"https:\/\/www.liqui-moly-shop.ch\/index.php\/wp-json\/wp\/v2\/types\/product"}],"replies":[{"embeddable":true,"href":"https:\/\/www.liqui-moly-shop.ch\/index.php\/wp-json\/wp\/v2\/comments?post=24114"}],"wp:featuredmedia":[{"embeddable":true,"href":"https:\/\/www.liqui-moly-shop.ch\/index.php\/wp-json\/wp\/v2\/media\/24115"}],"wp:attachment":[{"href":"https:\/\/www.liqui-moly-shop.ch\/index.php\/wp-json\/wp\/v2\/media?parent=24114"}],"curies":[{"name":"wp","href":"https:\/\/api.w.org\/{rel}","templated":true}]}}