{"id":24239,"date":"2018-07-17T00:00:00","date_gmt":"2018-07-17T00:00:00","guid":{"rendered":"https:\/\/dev.liqui-moly-shop.ch\/index.php\/product\/gear-tronic-teststreifen\/"},"modified":"2018-07-17T00:00:00","modified_gmt":"2018-07-17T00:00:00","slug":"gear-tronic-teststreifen","status":"publish","type":"product","link":"https:\/\/www.liqui-moly-shop.ch\/index.php\/product\/gear-tronic-teststreifen\/","title":{"rendered":"Gear Tronic Teststreifen"},"content":{"rendered":"<h3>Gear Tronic Teststreifen<\/h3>\n<p>Automatikgetriebe unterliegen sehr hohen Belastungen und werden extrem beansprucht. Viele Automatikgetriebe werden deshalb im K\u00fchlsystem des Motors gek\u00fchlt. Dabei darf kein K\u00fchlwasser ins Getriebe\u00f6l gelangen, weil ansonsten das Getriebe besch\u00e4digt wird. Das Testsystem zeigt, ob Wasser im \u00d6l vorhanden ist.<\/p>\n<p><!-- --><\/p>\n<table id=\"detail\">\n<tbody>\n<tr>\n<td class=\"left\" valign=\"top\">Artikelnummer:<\/td>\n<td class=\"right\" valign=\"top\">50311<\/td>\n<\/tr>\n<tr>\n<td class=\"left\" valign=\"top\">Gebinde:<\/td>\n<td class=\"right\" valign=\"top\">1 Stk Karton<\/td>\n<\/tr>\n<tr>\n<td class=\"left\" valign=\"top\">Paletteninhalt:<\/td>\n<td class=\"right\" valign=\"top\">0<\/td>\n<\/tr>\n<tr>\n<td class=\"left\" valign=\"top\">VPE:<\/td>\n<td class=\"right\" valign=\"top\">25 STK<\/td>\n<\/tr>\n<tr>\n<td class=\"left\" valign=\"top\">Sprache:<\/td>\n<td class=\"right\" valign=\"top\">D<\/td>\n<\/tr>\n<\/tbody>\n<\/table>\n<h3 class=\"detail\">Einsatzzweck<\/h3>\n<p>Ein Dokumentationsheft zum Nachweis von K\u00fchlfl\u00fcssigkeit im Getriebe\u00f6l.<\/p>\n<p>Wenn Sie Fragen rund um die Liqui Moly Produkte haben sollten, z\u00f6gern Sie nicht und kontaktieren Sie uns. Gerne stehen wir Ihnen jederzeit gerne zur Verf\u00fcgung.<\/p>\n","protected":false},"excerpt":{"rendered":"<p>Gear Tronic Teststreifen Automatikgetriebe unterliegen sehr hohen Belastungen und werden extrem beansprucht. Viele Automatikgetriebe werden deshalb im K\u00fchlsystem des Motors gek\u00fchlt. Dabei darf kein K\u00fchlwasser ins Getriebe\u00f6l gelangen, weil ansonsten das Getriebe besch\u00e4digt wird. Das Testsystem zeigt, ob Wasser im \u00d6l vorhanden ist. Artikelnummer: 50311 Gebinde: 1 Stk Karton Paletteninhalt: 0 VPE: 25 STK Sprache: [&hellip;]<\/p>\n","protected":false},"featured_media":24240,"comment_status":"closed","ping_status":"closed","template":"","meta":[],"class_list":["post-24239","product","type-product","status-publish","has-post-thumbnail","hentry","product_cat-getriebeoelspuelgeraet","product_cat-schmierstoffe","product_cat-werkstattausruestung-schmierstoffe"],"_links":{"self":[{"href":"https:\/\/www.liqui-moly-shop.ch\/index.php\/wp-json\/wp\/v2\/product\/24239","targetHints":{"allow":["GET"]}}],"collection":[{"href":"https:\/\/www.liqui-moly-shop.ch\/index.php\/wp-json\/wp\/v2\/product"}],"about":[{"href":"https:\/\/www.liqui-moly-shop.ch\/index.php\/wp-json\/wp\/v2\/types\/product"}],"replies":[{"embeddable":true,"href":"https:\/\/www.liqui-moly-shop.ch\/index.php\/wp-json\/wp\/v2\/comments?post=24239"}],"wp:featuredmedia":[{"embeddable":true,"href":"https:\/\/www.liqui-moly-shop.ch\/index.php\/wp-json\/wp\/v2\/media\/24240"}],"wp:attachment":[{"href":"https:\/\/www.liqui-moly-shop.ch\/index.php\/wp-json\/wp\/v2\/media?parent=24239"}],"curies":[{"name":"wp","href":"https:\/\/api.w.org\/{rel}","templated":true}]}}