{"id":24350,"date":"2018-07-17T00:00:00","date_gmt":"2018-07-17T00:00:00","guid":{"rendered":"https:\/\/dev.liqui-moly-shop.ch\/index.php\/product\/pro-line-visco-stabil\/"},"modified":"2023-12-14T15:14:46","modified_gmt":"2023-12-14T15:14:46","slug":"pro-line-visco-stabil","status":"publish","type":"product","link":"https:\/\/www.liqui-moly-shop.ch\/index.php\/product\/pro-line-visco-stabil\/","title":{"rendered":"Pro-Line Visco-Stabil"},"content":{"rendered":"<h3>Pro-Line Visco-Stabil<\/h3>\n<p>Reduziert \u00d6lverbrauch. H\u00e4lt die Viskosit\u00e4t des Motor\u00f6ls stabil. F\u00fcr konstanten \u00d6ldruck. Bietet auch unter h\u00e4rtesten Betriebsbedingungen hervorragenden Schutz vor mechanischem Scherverlust des Motor\u00f6ls. Verhindert Motor\u00f6lverd\u00fcnnung bei h\u00e4ufigen Kaltstarts. Durch die bessere Abdichtung der beweglichen Motorenteile wird der \u00d6lverbrauch reduziert. Deshalb auch besonders f\u00fcr \u00e4ltere Autos geeignet. Verringert Hydrost\u00f6\u00dfelger\u00e4usche.<\/p>\n<p><!-- --><\/p>\n<table id=\"detail\">\n<tbody>\n<tr>\n<td class=\"left\" valign=\"top\">Artikelnummer:<\/td>\n<td class=\"right\" valign=\"top\">5196<\/td>\n<\/tr>\n<tr>\n<td class=\"left\" valign=\"top\">Gebinde:<\/td>\n<td class=\"right\" valign=\"top\">1 l Dose Blech<\/td>\n<\/tr>\n<tr>\n<td class=\"left\" valign=\"top\">Paletteninhalt:<\/td>\n<td class=\"right\" valign=\"top\">630<\/td>\n<\/tr>\n<tr>\n<td class=\"left\" valign=\"top\">VPE:<\/td>\n<td class=\"right\" valign=\"top\">6 STK<\/td>\n<\/tr>\n<tr>\n<td class=\"left\" valign=\"top\">Sprache:<\/td>\n<td class=\"right\" valign=\"top\">D &#8211; GB &#8211; I &#8211; E &#8211; P<\/td>\n<\/tr>\n<\/tbody>\n<\/table>\n<h3 class=\"detail\">Einsatzzweck<\/h3>\n<p>F\u00fcr alle Benzin- und Dieselmotoren mit und ohne Dieselpartikelfilter (DPF) geeignet. Mischbar mit allen handels\u00fcblichen Motor\u00f6len. 1 l ausreichend f\u00fcr bis zu 20 l Motor\u00f6l.<\/p>\n<ul class=\"info-text m-0 p-0\">\n<li>EUH210 Sicherheitsdatenblatt auf Anfrage erh\u00e4ltlich.<\/li>\n<\/ul>\n<p>Wenn Sie Fragen rund um die Liqui Moly Produkte haben sollten, z\u00f6gern Sie nicht und kontaktieren Sie uns. Gerne stehen wir Ihnen jederzeit gerne zur Verf\u00fcgung.<\/p>\n","protected":false},"excerpt":{"rendered":"<p>Pro-Line Visco-Stabil Reduziert \u00d6lverbrauch. H\u00e4lt die Viskosit\u00e4t des Motor\u00f6ls stabil. F\u00fcr konstanten \u00d6ldruck. Bietet auch unter h\u00e4rtesten Betriebsbedingungen hervorragenden Schutz vor mechanischem Scherverlust des Motor\u00f6ls. Verhindert Motor\u00f6lverd\u00fcnnung bei h\u00e4ufigen Kaltstarts. Durch die bessere Abdichtung der beweglichen Motorenteile wird der \u00d6lverbrauch reduziert. Deshalb auch besonders f\u00fcr \u00e4ltere Autos geeignet. Verringert Hydrost\u00f6\u00dfelger\u00e4usche. Artikelnummer: 5196 Gebinde: 1 l [&hellip;]<\/p>\n","protected":false},"featured_media":24351,"comment_status":"closed","ping_status":"closed","template":"","meta":[],"class_list":["post-24350","product","type-product","status-publish","has-post-thumbnail","hentry","product_cat-additive-werkstattlinie","product_cat-oeladditive-additive-werkstattlinie","product_cat-werkstattlinie"],"_links":{"self":[{"href":"https:\/\/www.liqui-moly-shop.ch\/index.php\/wp-json\/wp\/v2\/product\/24350","targetHints":{"allow":["GET"]}}],"collection":[{"href":"https:\/\/www.liqui-moly-shop.ch\/index.php\/wp-json\/wp\/v2\/product"}],"about":[{"href":"https:\/\/www.liqui-moly-shop.ch\/index.php\/wp-json\/wp\/v2\/types\/product"}],"replies":[{"embeddable":true,"href":"https:\/\/www.liqui-moly-shop.ch\/index.php\/wp-json\/wp\/v2\/comments?post=24350"}],"wp:featuredmedia":[{"embeddable":true,"href":"https:\/\/www.liqui-moly-shop.ch\/index.php\/wp-json\/wp\/v2\/media\/24351"}],"wp:attachment":[{"href":"https:\/\/www.liqui-moly-shop.ch\/index.php\/wp-json\/wp\/v2\/media?parent=24350"}],"curies":[{"name":"wp","href":"https:\/\/api.w.org\/{rel}","templated":true}]}}