{"id":24398,"date":"2018-07-17T00:00:00","date_gmt":"2018-07-17T00:00:00","guid":{"rendered":"https:\/\/dev.liqui-moly-shop.ch\/index.php\/product\/pro-line-electronic-spray\/"},"modified":"2023-12-14T16:09:04","modified_gmt":"2023-12-14T16:09:04","slug":"pro-line-electronic-spray","status":"publish","type":"product","link":"https:\/\/www.liqui-moly-shop.ch\/index.php\/product\/pro-line-electronic-spray\/","title":{"rendered":"Pro-Line Electronic-Spray"},"content":{"rendered":"<h3>Pro-Line Electronic-Spray<\/h3>\n<p>Vollsynthetisches, kunststoffvertr\u00e4gliches Electronic-Spray f\u00fcr die Reinigung und Pflege verschmutzter Elektroteile. Die Oxid- und Sulfidbeschl\u00e4ge werden unterwandert, dadurch werden Kontaktwiderst\u00e4nde vermindert, die elektronischen Teile gesch\u00fctzt und die Betriebssicherheit gew\u00e4hrleistet. Die schnelltrocknende Formel hinterl\u00e4sst keine R\u00fcckst\u00e4nde und ist silikonfrei. Hinweis: Treibgas ca. 10 Min. abl\u00fcften lassen. Funkenbildung vermeiden.<\/p>\n<p><!-- --><\/p>\n<table id=\"detail\">\n<tbody>\n<tr>\n<td class=\"left\" valign=\"top\">Artikelnummer:<\/td>\n<td class=\"right\" valign=\"top\">7386<\/td>\n<\/tr>\n<tr>\n<td class=\"left\" valign=\"top\">Gebinde:<\/td>\n<td class=\"right\" valign=\"top\">400 ml Dose Aerosol<\/td>\n<\/tr>\n<tr>\n<td class=\"left\" valign=\"top\">Paletteninhalt:<\/td>\n<td class=\"right\" valign=\"top\">1116<\/td>\n<\/tr>\n<tr>\n<td class=\"left\" valign=\"top\">VPE:<\/td>\n<td class=\"right\" valign=\"top\">6 STK<\/td>\n<\/tr>\n<tr>\n<td class=\"left\" valign=\"top\">Sprache:<\/td>\n<td class=\"right\" valign=\"top\">D &#8211; GB &#8211; I &#8211; E &#8211; P<\/td>\n<\/tr>\n<\/tbody>\n<\/table>\n<h3 class=\"detail\">Einsatzzweck<\/h3>\n<p>Zur Wartung und Pflege (reinigen und sch\u00fctzen) aller elektrischen Bauteile am Fahrzeug wie Steck- und Klemmverbindungen, Lampensockel, Kabelverteiler, Schaltelemente, Relais, Z\u00fcndverteiler, Unterbrecher, Anlasser, Lichtmaschinen, Sicherungen, Batteriepole und Antennen sowie zur Schmierung feinmechanischer Teile.<\/p>\n<div class=\"d-flex justify-content-md-center gap-1\"><img decoding=\"async\" title=\"ghs02\" src=\"https:\/\/liquimoly.cloudimg.io\/v7\/https:\/\/www.liqui-moly.com\/static\/version1702332212\/frontend\/limo\/base\/de_DE\/images\/info\/ghs02.png\" alt=\"ghs02\" width=\"35px\" height=\"35px\" \/><\/div>\n<div class=\"text-md-center text-muted ps-md-2 pe-md-2\"><strong>Gefahr<\/strong><\/p>\n<ul class=\"info-text m-0 p-0\">\n<li>H222 Extrem entz\u00fcndbares Aerosol.<\/li>\n<li>H229 Beh\u00e4lter steht unter Druck: Kann bei Erw\u00e4rmung bersten.<\/li>\n<li>EUH066 Wiederholter Kontakt kann zu spr\u00f6der oder rissiger Haut f\u00fchren.<\/li>\n<\/ul>\n<\/div>\n<p>Wenn Sie Fragen rund um die Liqui Moly Produkte haben sollten, z\u00f6gern Sie nicht und kontaktieren Sie uns. Gerne stehen wir Ihnen jederzeit gerne zur Verf\u00fcgung.<\/p>\n","protected":false},"excerpt":{"rendered":"<p>Pro-Line Electronic-Spray Vollsynthetisches, kunststoffvertr\u00e4gliches Electronic-Spray f\u00fcr die Reinigung und Pflege verschmutzter Elektroteile. Die Oxid- und Sulfidbeschl\u00e4ge werden unterwandert, dadurch werden Kontaktwiderst\u00e4nde vermindert, die elektronischen Teile gesch\u00fctzt und die Betriebssicherheit gew\u00e4hrleistet. Die schnelltrocknende Formel hinterl\u00e4sst keine R\u00fcckst\u00e4nde und ist silikonfrei. Hinweis: Treibgas ca. 10 Min. abl\u00fcften lassen. Funkenbildung vermeiden. Artikelnummer: 7386 Gebinde: 400 ml Dose Aerosol [&hellip;]<\/p>\n","protected":false},"featured_media":24399,"comment_status":"closed","ping_status":"closed","template":"","meta":[],"class_list":["post-24398","product","type-product","status-publish","has-post-thumbnail","hentry","product_cat-serviceprodukte","product_cat-werkstattlinie"],"_links":{"self":[{"href":"https:\/\/www.liqui-moly-shop.ch\/index.php\/wp-json\/wp\/v2\/product\/24398","targetHints":{"allow":["GET"]}}],"collection":[{"href":"https:\/\/www.liqui-moly-shop.ch\/index.php\/wp-json\/wp\/v2\/product"}],"about":[{"href":"https:\/\/www.liqui-moly-shop.ch\/index.php\/wp-json\/wp\/v2\/types\/product"}],"replies":[{"embeddable":true,"href":"https:\/\/www.liqui-moly-shop.ch\/index.php\/wp-json\/wp\/v2\/comments?post=24398"}],"wp:featuredmedia":[{"embeddable":true,"href":"https:\/\/www.liqui-moly-shop.ch\/index.php\/wp-json\/wp\/v2\/media\/24399"}],"wp:attachment":[{"href":"https:\/\/www.liqui-moly-shop.ch\/index.php\/wp-json\/wp\/v2\/media?parent=24398"}],"curies":[{"name":"wp","href":"https:\/\/api.w.org\/{rel}","templated":true}]}}