{"id":24404,"date":"2018-07-17T00:00:00","date_gmt":"2018-07-17T00:00:00","guid":{"rendered":"https:\/\/dev.liqui-moly-shop.ch\/index.php\/product\/pro-line-injektoren-und-gluehkerzenloeser\/"},"modified":"2023-12-14T16:13:51","modified_gmt":"2023-12-14T16:13:51","slug":"pro-line-injektoren-und-gluehkerzenloeser","status":"publish","type":"product","link":"https:\/\/www.liqui-moly-shop.ch\/index.php\/product\/pro-line-injektoren-und-gluehkerzenloeser\/","title":{"rendered":"Pro-Line Injektoren- und Gl\u00fchkerzenl\u00f6ser"},"content":{"rendered":"<h3>Pro-Line Injektoren- und Gl\u00fchkerzenl\u00f6ser<\/h3>\n<p>Hochleistungsl\u00f6semittel\u00a0f\u00fcr\u00a0festsitzende Injektoren, Gl\u00fch- und Z\u00fcndkerzen. Unterwandert Verschmutzungen\u00a0und Korrosion und erm\u00f6glicht einen leichten Ausbau. Entfernt dank hervorragender Reinigungseigenschaften\u00a0festgebackene \u00d6lr\u00fcckst\u00e4nde, Verharzungen und Schmutzkrusten m\u00fchelos.<\/p>\n<p><!-- --><\/p>\n<table id=\"detail\">\n<tbody>\n<tr>\n<td class=\"left\" valign=\"top\">Artikelnummer:<\/td>\n<td class=\"right\" valign=\"top\">3379<\/td>\n<\/tr>\n<tr>\n<td class=\"left\" valign=\"top\">Gebinde:<\/td>\n<td class=\"right\" valign=\"top\">400 ml Dose Aerosol<\/td>\n<\/tr>\n<tr>\n<td class=\"left\" valign=\"top\">Paletteninhalt:<\/td>\n<td class=\"right\" valign=\"top\">1116<\/td>\n<\/tr>\n<tr>\n<td class=\"left\" valign=\"top\">VPE:<\/td>\n<td class=\"right\" valign=\"top\">6 STK<\/td>\n<\/tr>\n<tr>\n<td class=\"left\" valign=\"top\">Sprache:<\/td>\n<td class=\"right\" valign=\"top\">D &#8211; GB &#8211; I &#8211; E &#8211; P<\/td>\n<\/tr>\n<\/tbody>\n<\/table>\n<h3 class=\"detail\">Einsatzzweck<\/h3>\n<p>Zum L\u00f6sen\u00a0festsitzender Injektoren, Gl\u00fch- und Z\u00fcndkerzen.<\/p>\n<div class=\"d-flex justify-content-md-center gap-1\"><img decoding=\"async\" title=\"ghs02\" src=\"https:\/\/liquimoly.cloudimg.io\/v7\/https:\/\/www.liqui-moly.com\/static\/version1702332212\/frontend\/limo\/base\/de_DE\/images\/info\/ghs02.png\" alt=\"ghs02\" width=\"35px\" height=\"35px\" \/><img decoding=\"async\" title=\"ghs07\" src=\"https:\/\/liquimoly.cloudimg.io\/v7\/https:\/\/www.liqui-moly.com\/static\/version1702332212\/frontend\/limo\/base\/de_DE\/images\/info\/ghs07.png\" alt=\"ghs07\" width=\"35px\" height=\"35px\" \/><img decoding=\"async\" title=\"ghs08\" src=\"https:\/\/liquimoly.cloudimg.io\/v7\/https:\/\/www.liqui-moly.com\/static\/version1702332212\/frontend\/limo\/base\/de_DE\/images\/info\/ghs08.png\" alt=\"ghs08\" width=\"35px\" height=\"35px\" \/><\/div>\n<div class=\"text-md-center text-muted ps-md-2 pe-md-2\">\n<p><strong>Gefahr<\/strong><\/p>\n<ul class=\"info-text m-0 p-0\">\n<li>H222 Extrem entz\u00fcndbares Aerosol.<\/li>\n<li>H229 Beh\u00e4lter steht unter Druck: Kann bei Erw\u00e4rmung bersten.<\/li>\n<li>H315 Verursacht Hautreizungen.<\/li>\n<li>H319 Verursacht schwere Augenreizung.<\/li>\n<li>H332 Gesundheitssch\u00e4dlich bei Einatmen.<\/li>\n<li>H335 Kann die Atemwege reizen.<\/li>\n<li>H336 Kann Schl\u00e4frigkeit und Benommenheit verursachen.<\/li>\n<li>H373 Kann die Organe sch\u00e4digen bei l\u00e4ngerer oder wiederholter Exposition. (H\u00f6rorgane)<\/li>\n<\/ul>\n<\/div>\n<p>Wenn Sie Fragen rund um die Liqui Moly Produkte haben sollten, z\u00f6gern Sie nicht und kontaktieren Sie uns. Gerne stehen wir Ihnen jederzeit gerne zur Verf\u00fcgung.<\/p>\n","protected":false},"excerpt":{"rendered":"<p>Pro-Line Injektoren- und Gl\u00fchkerzenl\u00f6ser Hochleistungsl\u00f6semittel\u00a0f\u00fcr\u00a0festsitzende Injektoren, Gl\u00fch- und Z\u00fcndkerzen. Unterwandert Verschmutzungen\u00a0und Korrosion und erm\u00f6glicht einen leichten Ausbau. Entfernt dank hervorragender Reinigungseigenschaften\u00a0festgebackene \u00d6lr\u00fcckst\u00e4nde, Verharzungen und Schmutzkrusten m\u00fchelos. Artikelnummer: 3379 Gebinde: 400 ml Dose Aerosol Paletteninhalt: 1116 VPE: 6 STK Sprache: D &#8211; GB &#8211; I &#8211; E &#8211; P Einsatzzweck Zum L\u00f6sen\u00a0festsitzender Injektoren, Gl\u00fch- und Z\u00fcndkerzen. [&hellip;]<\/p>\n","protected":false},"featured_media":24405,"comment_status":"closed","ping_status":"closed","template":"","meta":[],"class_list":["post-24404","product","type-product","status-publish","has-post-thumbnail","hentry","product_cat-serviceprodukte","product_cat-werkstattlinie"],"_links":{"self":[{"href":"https:\/\/www.liqui-moly-shop.ch\/index.php\/wp-json\/wp\/v2\/product\/24404","targetHints":{"allow":["GET"]}}],"collection":[{"href":"https:\/\/www.liqui-moly-shop.ch\/index.php\/wp-json\/wp\/v2\/product"}],"about":[{"href":"https:\/\/www.liqui-moly-shop.ch\/index.php\/wp-json\/wp\/v2\/types\/product"}],"replies":[{"embeddable":true,"href":"https:\/\/www.liqui-moly-shop.ch\/index.php\/wp-json\/wp\/v2\/comments?post=24404"}],"wp:featuredmedia":[{"embeddable":true,"href":"https:\/\/www.liqui-moly-shop.ch\/index.php\/wp-json\/wp\/v2\/media\/24405"}],"wp:attachment":[{"href":"https:\/\/www.liqui-moly-shop.ch\/index.php\/wp-json\/wp\/v2\/media?parent=24404"}],"curies":[{"name":"wp","href":"https:\/\/api.w.org\/{rel}","templated":true}]}}