{"id":26011,"date":"2018-09-13T00:00:00","date_gmt":"2018-09-13T00:00:00","guid":{"rendered":"https:\/\/dev.liqui-moly-shop.ch\/index.php\/product\/motorbike-4t-15w-50-street\/"},"modified":"2024-02-14T09:42:19","modified_gmt":"2024-02-14T09:42:19","slug":"motorbike-4t-15w-50-street","status":"publish","type":"product","link":"https:\/\/www.liqui-moly-shop.ch\/index.php\/product\/motorbike-4t-15w-50-street\/","title":{"rendered":"Motorbike 4T 15W-50 Street"},"content":{"rendered":"<h3>Motorbike 4T 15W-50 Street<\/h3>\n<p>High-Performance-Motor\u00f6l auf Basis Synthesetechnologie. Sorgt f\u00fcr maximale Leistung und Schutz des Motors unter allen Betriebsbedingungen. Optimale Schmierung, hervorragende Motorsauberkeit, ausgezeichnete Reibwerte sowie minimaler Verschlei\u00df sind ebenso selbstverst\u00e4ndlich wie sanftes Ein- und Auskuppeln\u00a0sowie Schalten. Kat-getestet.<\/p>\n<table id=\"detail\">\n<tbody>\n<tr>\n<td class=\"left\" valign=\"top\">Artikelnummer:<\/td>\n<td class=\"right\" valign=\"top\">1689<\/td>\n<\/tr>\n<tr>\n<td class=\"left\" valign=\"top\">Gebinde:<\/td>\n<td class=\"right\" valign=\"top\">4 l Kanister Kunststoff<\/td>\n<\/tr>\n<tr>\n<td class=\"left\" valign=\"top\">Paletteninhalt:<\/td>\n<td class=\"right\" valign=\"top\">140<\/td>\n<\/tr>\n<tr>\n<td class=\"left\" valign=\"top\">VPE:<\/td>\n<td class=\"right\" valign=\"top\">4 STK<\/td>\n<\/tr>\n<tr>\n<td class=\"left\" valign=\"top\">Sprache:<\/td>\n<td class=\"right\" valign=\"top\">BOOKLET<\/td>\n<\/tr>\n<\/tbody>\n<\/table>\n<h3 class=\"detail\">Einsatzzweck<\/h3>\n<p>Entwickelt f\u00fcr luft- und wassergek\u00fchlte 4-Takt-Motoren, die normalen bis hohen Betriebsbedingungen unterzogen werden. F\u00fcr den sportlichen Einsatz. Geeignet f\u00fcr Motoren mit und ohne Nasskupplung.<\/p>\n<h3 class=\"detail\">Spezifikationen und Freigaben<\/h3>\n<p>API SL ; JASO MA2<\/p>\n","protected":false},"excerpt":{"rendered":"<p>Motorbike 4T 15W-50 Street High-Performance-Motor\u00f6l auf Basis Synthesetechnologie. Sorgt f\u00fcr maximale Leistung und Schutz des Motors unter allen Betriebsbedingungen. Optimale Schmierung, hervorragende Motorsauberkeit, ausgezeichnete Reibwerte sowie minimaler Verschlei\u00df sind ebenso selbstverst\u00e4ndlich wie sanftes Ein- und Auskuppeln\u00a0sowie Schalten. Kat-getestet. Artikelnummer: 1689 Gebinde: 4 l Kanister Kunststoff Paletteninhalt: 140 VPE: 4 STK Sprache: BOOKLET Einsatzzweck Entwickelt f\u00fcr [&hellip;]<\/p>\n","protected":false},"featured_media":26012,"comment_status":"closed","ping_status":"closed","template":"","meta":[],"class_list":["post-26011","product","type-product","status-publish","has-post-thumbnail","hentry","product_cat-2-rad-quad-kart-bike","product_cat-motoroele-4-takt-street","product_cat-synthesetechnologie","product_cat-synthesetechnologie-motoroele-4-takt-street","pa_fuellmenge-1-l-kanister-kunststoff","pa_fuellmenge-20-l-kanister-kunststoff","pa_fuellmenge-205-l-fass-blech","pa_fuellmenge-4-l-kanister-kunststoff","pa_fuellmenge-60-l-fass-blech"],"_links":{"self":[{"href":"https:\/\/www.liqui-moly-shop.ch\/index.php\/wp-json\/wp\/v2\/product\/26011","targetHints":{"allow":["GET"]}}],"collection":[{"href":"https:\/\/www.liqui-moly-shop.ch\/index.php\/wp-json\/wp\/v2\/product"}],"about":[{"href":"https:\/\/www.liqui-moly-shop.ch\/index.php\/wp-json\/wp\/v2\/types\/product"}],"replies":[{"embeddable":true,"href":"https:\/\/www.liqui-moly-shop.ch\/index.php\/wp-json\/wp\/v2\/comments?post=26011"}],"wp:featuredmedia":[{"embeddable":true,"href":"https:\/\/www.liqui-moly-shop.ch\/index.php\/wp-json\/wp\/v2\/media\/26012"}],"wp:attachment":[{"href":"https:\/\/www.liqui-moly-shop.ch\/index.php\/wp-json\/wp\/v2\/media?parent=26011"}],"curies":[{"name":"wp","href":"https:\/\/api.w.org\/{rel}","templated":true}]}}