{"id":27919,"date":"2019-09-30T18:33:43","date_gmt":"2019-09-30T18:33:43","guid":{"rendered":"https:\/\/dev.liqui-moly-shop.ch\/index.php\/product\/jetclean\/"},"modified":"2022-11-01T08:51:15","modified_gmt":"2022-11-01T08:51:15","slug":"jetclean","status":"publish","type":"product","link":"https:\/\/www.liqui-moly-shop.ch\/index.php\/product\/jetclean\/","title":{"rendered":"JetClean Tronic II TD ASR mit Druckluftanschluss"},"content":{"rendered":"<p>Der speziell zur Ansaugsystemreinigung entwickelte Tankverschluss JetClean Tronic II TD ASR mit Druckluftanschluss wird f\u00fcr einige Verbrennungsmotoren ben\u00f6tigt, um die Reinigungsfl\u00fcssigkeit bei zu geringem Saugrohrunterdruck \u00fcber das im Lieferumfang enthaltene Equipment in das Ansaugsystem einzubringen. Hierzu wird der JetClean Tronic II TD ASR mit Druckluft beaufschlagt.<\/p>\n","protected":false},"excerpt":{"rendered":"<p>Der speziell zur Ansaugsystemreinigung entwickelte Tankverschluss JetClean Tronic II TD ASR mit Druckluftanschluss wird f\u00fcr einige Verbrennungsmotoren ben\u00f6tigt, um die Reinigungsfl\u00fcssigkeit bei zu geringem Saugrohrunterdruck \u00fcber das im Lieferumfang enthaltene Equipment in das Ansaugsystem einzubringen. Hierzu wird der JetClean Tronic II TD ASR mit Druckluft beaufschlagt.<\/p>\n","protected":false},"featured_media":27920,"comment_status":"open","ping_status":"closed","template":"","meta":[],"class_list":["post-27919","product","type-product","status-publish","has-post-thumbnail","hentry","product_cat-jetclean","product_cat-werkstattausruestung","product_cat-werkstattausruestung-schmierstoffe","product_cat-zubehoer"],"_links":{"self":[{"href":"https:\/\/www.liqui-moly-shop.ch\/index.php\/wp-json\/wp\/v2\/product\/27919","targetHints":{"allow":["GET"]}}],"collection":[{"href":"https:\/\/www.liqui-moly-shop.ch\/index.php\/wp-json\/wp\/v2\/product"}],"about":[{"href":"https:\/\/www.liqui-moly-shop.ch\/index.php\/wp-json\/wp\/v2\/types\/product"}],"replies":[{"embeddable":true,"href":"https:\/\/www.liqui-moly-shop.ch\/index.php\/wp-json\/wp\/v2\/comments?post=27919"}],"wp:featuredmedia":[{"embeddable":true,"href":"https:\/\/www.liqui-moly-shop.ch\/index.php\/wp-json\/wp\/v2\/media\/27920"}],"wp:attachment":[{"href":"https:\/\/www.liqui-moly-shop.ch\/index.php\/wp-json\/wp\/v2\/media?parent=27919"}],"curies":[{"name":"wp","href":"https:\/\/api.w.org\/{rel}","templated":true}]}}